CRAN Package Check Results for Package lmds

Last updated on 2024-05-21 23:52:40 CEST.

Flavor Version Tinstall Tcheck Ttotal Status Flags
r-devel-linux-x86_64-debian-clang 0.1.0 9.59 94.68 104.27 NOTE
r-devel-linux-x86_64-debian-gcc 0.1.0 7.58 70.80 78.38 NOTE
r-devel-linux-x86_64-fedora-clang 0.1.0 132.60 NOTE
r-devel-linux-x86_64-fedora-gcc 0.1.0 131.87 NOTE
r-devel-windows-x86_64 0.1.0 10.00 84.00 94.00 NOTE
r-patched-linux-x86_64 0.1.0 9.85 90.98 100.83 NOTE
r-release-linux-x86_64 0.1.0 9.78 88.92 98.70 NOTE
r-release-macos-arm64 0.1.0 40.00 NOTE
r-release-windows-x86_64 0.1.0 10.00 85.00 95.00 NOTE
r-oldrel-macos-arm64 0.1.0 41.00 NOTE
r-oldrel-macos-x86_64 0.1.0 73.00 NOTE
r-oldrel-windows-x86_64 0.1.0 12.00 99.00 111.00 NOTE

Check Details

Version: 0.1.0
Check: LazyData
Result: NOTE 'LazyData' is specified without a 'data' directory Flavors: r-devel-linux-x86_64-debian-clang, r-devel-linux-x86_64-debian-gcc, r-devel-linux-x86_64-fedora-clang, r-devel-linux-x86_64-fedora-gcc, r-devel-windows-x86_64, r-patched-linux-x86_64, r-release-linux-x86_64, r-release-macos-arm64, r-release-windows-x86_64, r-oldrel-macos-arm64, r-oldrel-macos-x86_64, r-oldrel-windows-x86_64

Version: 0.1.0
Check: dependencies in R code
Result: NOTE Namespace in Imports field not imported from: ‘Matrix’ All declared Imports should be used. Flavors: r-devel-linux-x86_64-fedora-clang, r-devel-linux-x86_64-fedora-gcc