CRAN Package Check Results for Package lm.br

Last updated on 2021-06-16 19:49:50 CEST.

Flavor Version Tinstall Tcheck Ttotal Status Flags
r-devel-linux-x86_64-debian-clang 2.9.3 227.97 67.77 295.74 OK
r-devel-linux-x86_64-debian-gcc 2.9.3 127.58 51.07 178.65 OK
r-devel-linux-x86_64-fedora-clang 2.9.3 440.15 NOTE
r-devel-linux-x86_64-fedora-gcc 2.9.3 353.64 OK
r-devel-windows-x86_64 2.9.3 258.00 105.00 363.00 OK
r-devel-windows-x86_64-gcc10-UCRT 2.9.3 OK
r-patched-linux-x86_64 2.9.3 159.40 67.74 227.14 OK
r-patched-solaris-x86 2.9.3 323.80 OK
r-release-linux-x86_64 2.9.3 157.75 68.43 226.18 OK
r-release-macos-arm64 2.9.3 NOTE
r-release-macos-x86_64 2.9.3 OK
r-release-windows-ix86+x86_64 2.9.3 490.00 114.00 604.00 OK
r-oldrel-macos-x86_64 2.9.3 OK
r-oldrel-windows-ix86+x86_64 2.9.3 384.00 131.00 515.00 OK

Check Details

Version: 2.9.3
Check: installed package size
Result: NOTE
     installed size is 5.4Mb
     sub-directories of 1Mb or more:
     libs 5.1Mb
Flavors: r-devel-linux-x86_64-fedora-clang, r-release-macos-arm64