Last updated on 2021-03-01 19:48:04 CET.
Flavor | Version | Tinstall | Tcheck | Ttotal | Status | Flags |
---|---|---|---|---|---|---|
r-devel-linux-x86_64-debian-clang | 1.5.13 | OK | ||||
r-devel-linux-x86_64-debian-gcc | 1.5.13 | 9.59 | 113.29 | 122.88 | OK | |
r-devel-linux-x86_64-fedora-clang | 1.5.13 | 202.36 | NOTE | |||
r-devel-linux-x86_64-fedora-gcc | 1.5.13 | 194.45 | NOTE | |||
r-devel-windows-ix86+x86_64 | 1.5.13 | 20.00 | 133.00 | 153.00 | OK | |
r-patched-linux-x86_64 | 1.5.13 | 11.15 | 143.72 | 154.87 | OK | |
r-patched-solaris-x86 | 1.5.13 | 218.30 | NOTE | |||
r-release-linux-x86_64 | 1.5.13 | 9.49 | 145.09 | 154.58 | OK | |
r-release-macos-x86_64 | 1.5.13 | NOTE | ||||
r-release-windows-ix86+x86_64 | 1.5.13 | 29.00 | 190.00 | 219.00 | OK | |
r-oldrel-macos-x86_64 | 1.5.13 | NOTE | ||||
r-oldrel-windows-ix86+x86_64 | 1.5.13 | 16.00 | 177.00 | 193.00 | OK |
Version: 1.5.13
Check: dependencies in R code
Result: NOTE
Namespace in Imports field not imported from: ‘e1071’
All declared Imports should be used.
Flavors: r-devel-linux-x86_64-fedora-clang, r-devel-linux-x86_64-fedora-gcc, r-patched-solaris-x86, r-release-macos-x86_64, r-oldrel-macos-x86_64
Version: 1.5.13
Check: package dependencies
Result: NOTE
Package suggested but not available for checking: ‘RWeka’
Flavor: r-patched-solaris-x86