CRAN Package Check Results for Package listcomp

Last updated on 2021-06-20 03:48:29 CEST.

Flavor Version Tinstall Tcheck Ttotal Status Flags
r-devel-linux-x86_64-debian-clang 0.3.0 1.80 25.33 27.13 NOTE
r-devel-linux-x86_64-debian-gcc 0.3.0 1.51 20.10 21.61 NOTE
r-devel-linux-x86_64-fedora-clang 0.3.0 42.11 NOTE
r-devel-linux-x86_64-fedora-gcc 0.3.0 32.03 NOTE
r-devel-windows-x86_64 0.3.0 5.00 33.00 38.00 NOTE
r-devel-windows-x86_64-gcc10-UCRT 0.3.0 NOTE
r-patched-linux-x86_64 0.3.0 1.94 24.23 26.17 NOTE
r-patched-solaris-x86 0.3.0 50.90 NOTE
r-release-linux-x86_64 0.3.0 2.06 24.51 26.57 NOTE
r-release-macos-arm64 0.3.0 NOTE
r-release-macos-x86_64 0.3.0 NOTE
r-release-windows-ix86+x86_64 0.3.0 5.00 41.00 46.00 NOTE
r-oldrel-macos-x86_64 0.3.0 OK
r-oldrel-windows-ix86+x86_64 0.3.0 5.00 41.00 46.00 OK

Check Details

Version: 0.3.0
Check: LazyData
Result: NOTE
     'LazyData' is specified without a 'data' directory
Flavors: r-devel-linux-x86_64-debian-clang, r-devel-linux-x86_64-debian-gcc, r-devel-linux-x86_64-fedora-clang, r-devel-linux-x86_64-fedora-gcc, r-devel-windows-x86_64, r-devel-windows-x86_64-gcc10-UCRT, r-patched-linux-x86_64, r-patched-solaris-x86, r-release-linux-x86_64, r-release-macos-arm64, r-release-macos-x86_64, r-release-windows-ix86+x86_64