CRAN Package Check Results for Package lintr

Last updated on 2021-05-19 03:49:24 CEST.

Flavor Version Tinstall Tcheck Ttotal Status Flags
r-devel-linux-x86_64-debian-clang 2.0.1 8.88 72.72 81.60 NOTE
r-devel-linux-x86_64-debian-gcc 2.0.1 7.11 53.69 60.80 NOTE
r-devel-linux-x86_64-fedora-clang 2.0.1 100.03 NOTE
r-devel-linux-x86_64-fedora-gcc 2.0.1 104.38 NOTE
r-devel-windows-ix86+x86_64 2.0.1 10.00 79.00 89.00 NOTE
r-devel-windows-x86_64-gcc10-UCRT 2.0.1 NOTE
r-patched-linux-x86_64 2.0.1 8.32 69.33 77.65 NOTE
r-patched-solaris-x86 2.0.1 124.50 NOTE
r-release-linux-x86_64 2.0.1 7.90 68.53 76.43 OK
r-release-macos-x86_64 2.0.1 OK
r-release-windows-ix86+x86_64 2.0.1 10.00 74.00 84.00 OK
r-oldrel-macos-x86_64 2.0.1 OK
r-oldrel-windows-ix86+x86_64 2.0.1 6.00 100.00 106.00 OK

Check Details

Version: 2.0.1
Check: LazyData
Result: NOTE
     'LazyData' is specified without a 'data' directory
Flavors: r-devel-linux-x86_64-debian-clang, r-devel-linux-x86_64-debian-gcc, r-devel-linux-x86_64-fedora-clang, r-devel-linux-x86_64-fedora-gcc, r-devel-windows-ix86+x86_64, r-devel-windows-x86_64-gcc10-UCRT, r-patched-linux-x86_64, r-patched-solaris-x86