CRAN Package Check Results for Package linemap

Last updated on 2021-06-20 03:48:28 CEST.

Flavor Version Tinstall Tcheck Ttotal Status Flags
r-devel-linux-x86_64-debian-clang 0.2.0 2.21 32.93 35.14 OK
r-devel-linux-x86_64-debian-gcc 0.2.0 1.76 25.52 27.28 OK
r-devel-linux-x86_64-fedora-clang 0.2.0 51.64 OK
r-devel-linux-x86_64-fedora-gcc 0.2.0 43.25 OK
r-devel-windows-x86_64 0.2.0 5.00 51.00 56.00 OK
r-devel-windows-x86_64-gcc10-UCRT 0.2.0 ERROR
r-patched-linux-x86_64 0.2.0 5.12 32.18 37.30 OK
r-patched-solaris-x86 0.2.0 64.60 OK
r-release-linux-x86_64 0.2.0 2.23 32.14 34.37 OK
r-release-macos-arm64 0.2.0 OK
r-release-macos-x86_64 0.2.0 OK
r-release-windows-ix86+x86_64 0.2.0 8.00 52.00 60.00 OK
r-oldrel-macos-x86_64 0.2.0 OK
r-oldrel-windows-ix86+x86_64 0.2.0 5.00 38.00 43.00 OK

Check Details

Version: 0.2.0
Check: package dependencies
Result: ERROR
    Package required but not available: 'sf'
    
    See section 'The DESCRIPTION file' in the 'Writing R Extensions'
    manual.
Flavor: r-devel-windows-x86_64-gcc10-UCRT