CRAN Package Check Results for Package linelist

Last updated on 2024-04-17 08:57:35 CEST.

Flavor Version Tinstall Tcheck Ttotal Status Flags
r-devel-linux-x86_64-debian-clang 1.1.0 4.71 73.02 77.73 OK
r-devel-linux-x86_64-debian-gcc 1.1.0 3.76 55.90 59.66 OK
r-devel-linux-x86_64-fedora-clang 1.1.0 98.95 OK
r-devel-linux-x86_64-fedora-gcc 1.1.0 134.77 OK
r-prerel-macos-arm64 1.1.0 57.00 ERROR
r-prerel-macos-x86_64 1.1.0 137.00 OK
r-prerel-windows-x86_64 1.1.0 6.00 82.00 88.00 OK
r-patched-linux-x86_64 1.1.0 6.48 69.32 75.80 OK
r-release-linux-x86_64 1.1.0 4.65 69.61 74.26 OK
r-release-macos-arm64 1.1.0 70.00 OK
r-release-macos-x86_64 1.1.0 116.00 OK
r-release-windows-x86_64 1.1.0 7.00 86.00 93.00 OK
r-oldrel-macos-arm64 1.1.0 65.00 OK
r-oldrel-windows-x86_64 1.1.0 8.00 89.00 97.00 OK

Check Details

Version: 1.1.0
Check: tests
Result: ERROR Running ‘spelling.R’ [0s/0s] Running ‘testthat.R’ [39s/23s] Running the tests in ‘tests/testthat.R’ failed. Last 13 lines of output: [ FAIL 0 | WARN 16 | SKIP 9 | PASS 133 ] ══ Skipped tests (9) ═══════════════════════════════════════════════════════════ • On CRAN (9): 'test-deprecated.R:5:3', 'test-deprecated.R:13:3', 'test-deprecated.R:19:3', 'test-deprecated.R:27:3', 'test-compat-dplyr.R:58:3', 'test-compat-dplyr.R:70:3', 'test-compat-dplyr.R:139:3', 'test-print.R:3:3', 'test-validate_types.R:26:3' [ FAIL 0 | WARN 16 | SKIP 9 | PASS 133 ] > > if (any(as.data.frame(test_results)$warning > 0)) { + stop("tests failed with warnings") + } Error: tests failed with warnings Execution halted Flavor: r-prerel-macos-arm64