Last updated on 2022-05-26 03:53:12 CEST.
Flavor | Version | Tinstall | Tcheck | Ttotal | Status | Flags |
---|---|---|---|---|---|---|
r-devel-linux-x86_64-debian-clang | 0.1.2 | 5.25 | 62.28 | 67.53 | NOTE | |
r-devel-linux-x86_64-debian-gcc | 0.1.2 | 4.36 | 47.11 | 51.47 | NOTE | |
r-devel-linux-x86_64-fedora-clang | 0.1.2 | 79.18 | NOTE | |||
r-devel-linux-x86_64-fedora-gcc | 0.1.2 | 76.46 | NOTE | |||
r-devel-windows-x86_64 | 0.1.2 | 9.00 | 85.00 | 94.00 | NOTE | |
r-patched-linux-x86_64 | 0.1.2 | 4.02 | 58.50 | 62.52 | NOTE | |
r-release-linux-x86_64 | 0.1.2 | NOTE | ||||
r-release-macos-arm64 | 0.1.2 | 26.00 | NOTE | |||
r-release-macos-x86_64 | 0.1.2 | 47.00 | NOTE | |||
r-release-windows-x86_64 | 0.1.2 | 11.00 | 91.00 | 102.00 | NOTE | |
r-oldrel-macos-arm64 | 0.1.2 | 28.00 | NOTE | |||
r-oldrel-macos-x86_64 | 0.1.2 | 37.00 | NOTE | |||
r-oldrel-windows-ix86+x86_64 | 0.1.2 | 14.00 | 70.00 | 84.00 | NOTE |
Version: 0.1.2
Check: LazyData
Result: NOTE
'LazyData' is specified without a 'data' directory
Flavors: r-devel-linux-x86_64-debian-clang, r-devel-linux-x86_64-debian-gcc, r-devel-linux-x86_64-fedora-clang, r-devel-linux-x86_64-fedora-gcc, r-devel-windows-x86_64, r-patched-linux-x86_64, r-release-linux-x86_64, r-release-macos-arm64, r-release-macos-x86_64, r-release-windows-x86_64, r-oldrel-macos-arm64, r-oldrel-macos-x86_64, r-oldrel-windows-ix86+x86_64