CRAN Package Check Results for Package limSolve

Last updated on 2021-07-25 19:51:36 CEST.

Flavor Version Tinstall Tcheck Ttotal Status Flags
r-devel-linux-x86_64-debian-clang 1.5.6 9.37 70.89 80.26 OK
r-devel-linux-x86_64-debian-gcc 1.5.6 7.34 55.88 63.22 OK
r-devel-linux-x86_64-fedora-clang 1.5.6 107.90 OK
r-devel-linux-x86_64-fedora-gcc 1.5.6 8.82 ERROR
r-devel-windows-x86_64 1.5.6 15.00 92.00 107.00 OK
r-devel-windows-x86_64-gcc10-UCRT 1.5.6 OK
r-patched-linux-x86_64 1.5.6 8.46 69.46 77.92 OK
r-patched-solaris-x86 1.5.6 133.80 OK
r-release-linux-x86_64 1.5.6 8.23 69.14 77.37 OK
r-release-macos-arm64 1.5.6 OK
r-release-macos-x86_64 1.5.6 OK
r-release-windows-ix86+x86_64 1.5.6 24.00 119.00 143.00 OK
r-oldrel-macos-x86_64 1.5.6 OK
r-oldrel-windows-ix86+x86_64 1.5.6 20.00 144.00 164.00 OK

Check Details

Version: 1.5.6
Check: whether package can be installed
Result: ERROR
    Installation failed.
Flavor: r-devel-linux-x86_64-fedora-gcc