CRAN Package Check Results for Package lilikoi

Last updated on 2021-06-21 07:48:48 CEST.

Flavor Version Tinstall Tcheck Ttotal Status Flags
r-devel-linux-x86_64-debian-clang 2.0.4 55.11 373.88 428.99 NOTE
r-devel-linux-x86_64-debian-gcc 2.0.4 45.34 282.63 327.97 NOTE
r-devel-linux-x86_64-fedora-clang 2.0.4 537.31 NOTE
r-devel-linux-x86_64-fedora-gcc 2.0.4 535.69 NOTE
r-devel-windows-x86_64 2.0.4 75.00 299.00 374.00 NOTE
r-devel-windows-x86_64-gcc10-UCRT 2.0.4 ERROR
r-patched-linux-x86_64 2.0.4 55.77 355.45 411.22 NOTE
r-release-linux-x86_64 2.0.4 55.64 357.54 413.18 NOTE
r-release-macos-arm64 2.0.4 ERROR
r-release-macos-x86_64 2.0.4 ERROR
r-release-windows-ix86+x86_64 2.0.4 128.00 393.00 521.00 NOTE
r-oldrel-macos-x86_64 2.0.4 ERROR

Check Details

Version: 2.0.4
Check: LazyData
Result: NOTE
     'LazyData' is specified without a 'data' directory
Flavors: r-devel-linux-x86_64-debian-clang, r-devel-linux-x86_64-debian-gcc, r-devel-linux-x86_64-fedora-clang, r-devel-linux-x86_64-fedora-gcc, r-devel-windows-x86_64, r-patched-linux-x86_64, r-release-linux-x86_64, r-release-windows-ix86+x86_64

Version: 2.0.4
Check: package dependencies
Result: NOTE
    Imports includes 26 non-default packages.
    Importing from so many packages makes the package vulnerable to any of
    them becoming unavailable. Move as many as possible to Suggests and
    use conditionally.
Flavor: r-devel-linux-x86_64-fedora-clang

Version: 2.0.4
Check: dependencies in R code
Result: NOTE
    Namespace in Imports field not imported from: ‘M3C’
     All declared Imports should be used.
Flavors: r-devel-linux-x86_64-fedora-clang, r-devel-linux-x86_64-fedora-gcc

Version: 2.0.4
Check: package dependencies
Result: ERROR
    Packages required but not available: 'car', 'pathview', 'RCy3', 'survminer'
    
    See section 'The DESCRIPTION file' in the 'Writing R Extensions'
    manual.
Flavor: r-devel-windows-x86_64-gcc10-UCRT

Version: 2.0.4
Check: package dependencies
Result: ERROR
    Packages required but not available: 'M3C', 'pathifier', 'pathview', 'RCy3'
    
    See section ‘The DESCRIPTION file’ in the ‘Writing R Extensions’
    manual.
Flavor: r-release-macos-arm64

Version: 2.0.4
Check: package dependencies
Result: ERROR
    Packages required but not available: 'M3C', 'pathifier', 'pathview'
    
    See section ‘The DESCRIPTION file’ in the ‘Writing R Extensions’
    manual.
Flavors: r-release-macos-x86_64, r-oldrel-macos-x86_64