CRAN Package Check Results for Package lightsout

Last updated on 2021-06-13 19:49:37 CEST.

Flavor Version Tinstall Tcheck Ttotal Status Flags
r-devel-linux-x86_64-debian-clang 0.3 2.48 29.02 31.50 NOTE
r-devel-linux-x86_64-debian-gcc 0.3 2.03 22.93 24.96 NOTE
r-devel-linux-x86_64-fedora-clang 0.3 47.12 NOTE
r-devel-linux-x86_64-fedora-gcc 0.3 37.48 NOTE
r-devel-windows-x86_64 0.3 5.00 50.00 55.00 NOTE
r-devel-windows-x86_64-gcc10-UCRT 0.3 NOTE
r-patched-linux-x86_64 0.3 2.37 28.12 30.49 NOTE
r-patched-solaris-x86 0.3 56.90 NOTE
r-release-linux-x86_64 0.3 2.41 28.33 30.74 NOTE
r-release-macos-arm64 0.3 NOTE
r-release-macos-x86_64 0.3 NOTE
r-release-windows-ix86+x86_64 0.3 10.00 49.00 59.00 NOTE
r-oldrel-macos-x86_64 0.3 OK
r-oldrel-windows-ix86+x86_64 0.3 13.00 51.00 64.00 OK

Check Details

Version: 0.3
Check: LazyData
Result: NOTE
     'LazyData' is specified without a 'data' directory
Flavors: r-devel-linux-x86_64-debian-clang, r-devel-linux-x86_64-debian-gcc, r-devel-linux-x86_64-fedora-clang, r-devel-linux-x86_64-fedora-gcc, r-devel-windows-x86_64, r-devel-windows-x86_64-gcc10-UCRT, r-patched-linux-x86_64, r-patched-solaris-x86, r-release-linux-x86_64, r-release-macos-arm64, r-release-macos-x86_64, r-release-windows-ix86+x86_64