CRAN Package Check Results for Package lightr

Last updated on 2021-06-21 11:52:09 CEST.

Flavor Version Tinstall Tcheck Ttotal Status Flags
r-devel-linux-x86_64-debian-clang 1.4 4.85 76.56 81.41 OK
r-devel-linux-x86_64-debian-gcc 1.5.0 3.42 59.71 63.13 OK
r-devel-linux-x86_64-fedora-clang 1.5.0 109.98 NOTE
r-devel-linux-x86_64-fedora-gcc 1.5.0 99.77 OK
r-devel-windows-x86_64 1.4 7.00 81.00 88.00 OK
r-devel-windows-x86_64-gcc10-UCRT 1.5.0 NOTE
r-patched-linux-x86_64 1.4 4.34 77.70 82.04 OK
r-patched-solaris-x86 1.5.0 136.30 OK
r-release-linux-x86_64 1.4 3.81 76.68 80.49 OK
r-release-macos-arm64 1.4 OK
r-release-macos-x86_64 1.4 OK
r-release-windows-ix86+x86_64 1.5.0 9.00 131.00 140.00 OK
r-oldrel-macos-x86_64 1.4 OK

Check Details

Version: 1.5.0
Check: Rd cross-references
Result: NOTE
    Undeclared package ‘future’ in Rd xrefs
Flavor: r-devel-linux-x86_64-fedora-clang

Version: 1.5.0
Check: Rd cross-references
Result: NOTE
    Package unavailable to check Rd xrefs: 'pavo'
Flavor: r-devel-windows-x86_64-gcc10-UCRT