CRAN Package Check Results for Package lifecontingencies

Last updated on 2021-01-20 23:49:43 CET.

Flavor Version Tinstall Tcheck Ttotal Status Flags
r-devel-linux-x86_64-debian-clang 1.3.6 33.25 260.02 293.27 OK --no-vignettes
r-devel-linux-x86_64-debian-gcc 1.3.6 23.21 188.46 211.67 OK --no-vignettes
r-devel-linux-x86_64-fedora-clang 1.3.6 367.59 OK --no-vignettes
r-devel-linux-x86_64-fedora-gcc 1.3.6 357.95 OK --no-vignettes
r-devel-windows-ix86+x86_64 1.3.6 47.00 557.00 604.00 NOTE
r-patched-linux-x86_64 1.3.6 28.04 245.48 273.52 OK --no-vignettes
r-patched-solaris-x86 1.3.6 627.30 OK
r-release-linux-x86_64 1.3.6 28.29 248.15 276.44 OK --no-vignettes
r-release-macos-x86_64 1.3.6 OK
r-release-windows-ix86+x86_64 1.3.6 53.00 672.00 725.00 NOTE
r-oldrel-macos-x86_64 1.3.6 OK
r-oldrel-windows-ix86+x86_64 1.3.6 46.00 452.00 498.00 OK

Check Details

Version: 1.3.6
Check: installed package size
Result: NOTE
     installed size is 5.3Mb
     sub-directories of 1Mb or more:
     doc 2.1Mb
     libs 2.0Mb
Flavors: r-devel-windows-ix86+x86_64, r-release-windows-ix86+x86_64