Last updated on 2022-06-28 19:55:03 CEST.
Flavor | Version | Tinstall | Tcheck | Ttotal | Status | Flags |
---|---|---|---|---|---|---|
r-devel-linux-x86_64-debian-clang | 4.0.1 | 164.08 | 554.51 | 718.59 | OK | |
r-devel-linux-x86_64-debian-gcc | 4.0.1 | 134.91 | 402.65 | 537.56 | OK | |
r-devel-linux-x86_64-fedora-clang | 4.0.1 | 871.62 | NOTE | |||
r-devel-linux-x86_64-fedora-gcc | 4.0.1 | 861.31 | OK | |||
r-devel-windows-x86_64 | 4.0.1 | 226.00 | 622.00 | 848.00 | NOTE | |
r-patched-linux-x86_64 | 4.0.1 | 146.07 | 526.30 | 672.37 | OK | |
r-release-linux-x86_64 | 4.0.1 | 151.86 | 530.09 | 681.95 | OK | |
r-release-macos-arm64 | 4.0.1 | 199.00 | NOTE | |||
r-release-macos-x86_64 | 4.0.1 | 308.00 | NOTE | |||
r-release-windows-x86_64 | 4.0.1 | 221.00 | 596.00 | 817.00 | NOTE | |
r-oldrel-macos-arm64 | 4.0.1 | 208.00 | NOTE | |||
r-oldrel-macos-x86_64 | 4.0.1 | 293.00 | NOTE | |||
r-oldrel-windows-ix86+x86_64 | 4.0.1 | 348.00 | 1001.00 | 1349.00 | NOTE |
Version: 4.0.1
Check: installed package size
Result: NOTE
installed size is 11.0Mb
sub-directories of 1Mb or more:
R 1.2Mb
doc 1.0Mb
extdata 1.2Mb
libs 7.1Mb
Flavors: r-devel-linux-x86_64-fedora-clang, r-devel-windows-x86_64, r-release-macos-arm64, r-release-macos-x86_64, r-release-windows-x86_64, r-oldrel-macos-arm64, r-oldrel-macos-x86_64, r-oldrel-windows-ix86+x86_64