CRAN Package Check Results for Package libsoc

Last updated on 2021-12-04 19:53:00 CET.

Flavor Version Tinstall Tcheck Ttotal Status Flags
r-devel-linux-x86_64-debian-clang 0.7 26.97 57.07 84.04 OK
r-devel-linux-x86_64-debian-gcc 0.7 19.05 44.19 63.24 OK
r-devel-linux-x86_64-fedora-clang 0.7 107.13 NOTE
r-devel-linux-x86_64-fedora-gcc 0.7 93.65 NOTE
r-devel-windows-x86_64-new-UL 0.7 115.00 120.00 235.00 OK
r-devel-windows-x86_64-new-TK 0.7 OK
r-devel-windows-x86_64-old 0.7 65.00 57.00 122.00 OK
r-patched-linux-x86_64 0.7 23.09 48.18 71.27 OK
r-release-linux-x86_64 0.7 22.07 48.03 70.10 OK
r-release-macos-arm64 0.7 NOTE
r-release-macos-x86_64 0.7 NOTE
r-release-windows-ix86+x86_64 0.7 114.00 92.00 206.00 NOTE
r-oldrel-macos-x86_64 0.7 NOTE
r-oldrel-windows-ix86+x86_64 0.7 112.00 90.00 202.00 NOTE

Check Details

Version: 0.7
Check: top-level files
Result: NOTE
    ‘configure’: /bin/bash is not portable
Flavors: r-devel-linux-x86_64-fedora-clang, r-devel-linux-x86_64-fedora-gcc

Version: 0.7
Check: installed package size
Result: NOTE
     installed size is 8.2Mb
     sub-directories of 1Mb or more:
     libs 7.1Mb
Flavors: r-release-macos-arm64, r-release-macos-x86_64, r-release-windows-ix86+x86_64, r-oldrel-macos-x86_64, r-oldrel-windows-ix86+x86_64