Last updated on 2021-04-17 03:48:45 CEST.
Flavor | Version | Tinstall | Tcheck | Ttotal | Status | Flags |
---|---|---|---|---|---|---|
r-devel-linux-x86_64-debian-clang | 1.1.1 | 204.79 | 65.83 | 270.62 | NOTE | |
r-devel-linux-x86_64-debian-gcc | 1.1.1 | 112.27 | 50.49 | 162.76 | NOTE | |
r-devel-linux-x86_64-fedora-clang | 1.1.1 | 427.54 | NOTE | |||
r-devel-linux-x86_64-fedora-gcc | 1.1.1 | 302.47 | NOTE | |||
r-devel-windows-ix86+x86_64 | 1.1.1 | 428.00 | 143.00 | 571.00 | NOTE | |
r-devel-windows-x86_64-gcc10-UCRT | 1.1.1 | NOTE | ||||
r-patched-linux-x86_64 | 1.1.1 | 137.75 | 61.14 | 198.89 | OK | |
r-patched-solaris-x86 | 1.1.1 | 292.20 | OK | |||
r-release-linux-x86_64 | 1.1.1 | 132.87 | 61.70 | 194.57 | OK | |
r-release-macos-x86_64 | 1.1.1 | OK | ||||
r-release-windows-ix86+x86_64 | 1.1.1 | 341.00 | 142.00 | 483.00 | OK | |
r-oldrel-macos-x86_64 | 1.1.1 | OK | ||||
r-oldrel-windows-ix86+x86_64 | 1.1.1 | 298.00 | 146.00 | 444.00 | OK |
Version: 1.1.1
Check: LazyData
Result: NOTE
'LazyData' is specified without a 'data' directory
Flavors: r-devel-linux-x86_64-debian-clang, r-devel-linux-x86_64-debian-gcc, r-devel-linux-x86_64-fedora-clang, r-devel-linux-x86_64-fedora-gcc, r-devel-windows-ix86+x86_64, r-devel-windows-x86_64-gcc10-UCRT
Version: 1.1.1
Check: installed package size
Result: NOTE
installed size is 5.8Mb
sub-directories of 1Mb or more:
libs 5.3Mb
Flavor: r-devel-linux-x86_64-fedora-clang