CRAN Package Check Results for Package lgcp

Last updated on 2021-12-07 23:54:33 CET.

Flavor Version Tinstall Tcheck Ttotal Status Flags
r-devel-linux-x86_64-debian-clang 1.7 61.29 545.48 606.77 OK
r-devel-linux-x86_64-debian-gcc 1.7 50.74 402.33 453.07 OK
r-devel-linux-x86_64-fedora-clang 1.7 745.50 NOTE
r-devel-linux-x86_64-fedora-gcc 1.7 733.95 NOTE
r-devel-windows-x86_64-new-UL 1.7 126.00 695.00 821.00 OK
r-devel-windows-x86_64-new-TK 1.7 NOTE
r-devel-windows-x86_64-old 1.7 88.00 441.00 529.00 OK
r-patched-linux-x86_64 1.7 65.50 527.93 593.43 OK
r-release-linux-x86_64 1.7 55.62 527.72 583.34 OK
r-release-macos-arm64 1.7 NOTE
r-release-macos-x86_64 1.7 NOTE
r-release-windows-ix86+x86_64 1.7 94.00 598.00 692.00 OK
r-oldrel-macos-x86_64 1.7 NOTE
r-oldrel-windows-ix86+x86_64 1.7 142.00 626.00 768.00 OK

Check Details

Version: 1.7
Check: dependencies in R code
Result: NOTE
    Namespace in Imports field not imported from: ‘spatstat’
     All declared Imports should be used.
Flavors: r-devel-linux-x86_64-fedora-clang, r-devel-linux-x86_64-fedora-gcc, r-devel-windows-x86_64-new-TK, r-release-macos-arm64, r-release-macos-x86_64, r-oldrel-macos-x86_64