Last updated on 2021-01-26 15:49:49 CET.
Flavor | Version | Tinstall | Tcheck | Ttotal | Status | Flags |
---|---|---|---|---|---|---|
r-devel-linux-x86_64-debian-clang | 0.6-2 | 4.85 | 36.41 | 41.26 | OK | |
r-devel-linux-x86_64-debian-gcc | 0.6-2 | 3.78 | 29.23 | 33.01 | OK | |
r-devel-linux-x86_64-fedora-clang | 0.6-2 | 58.52 | NOTE | |||
r-devel-linux-x86_64-fedora-gcc | 0.6-2 | 48.49 | NOTE | |||
r-devel-windows-ix86+x86_64 | 0.6-2 | 11.00 | 61.00 | 72.00 | OK | |
r-patched-linux-x86_64 | 0.6-2 | 5.04 | 33.55 | 38.59 | OK | |
r-patched-solaris-x86 | 0.6-2 | 68.60 | OK | |||
r-release-linux-x86_64 | 0.6-2 | 4.53 | 34.16 | 38.69 | OK | |
r-release-macos-x86_64 | 0.6-2 | OK | ||||
r-release-windows-ix86+x86_64 | 0.6-2 | 11.00 | 51.00 | 62.00 | OK | |
r-oldrel-macos-x86_64 | 0.6-2 | OK | ||||
r-oldrel-windows-ix86+x86_64 | 0.6-2 | 8.00 | 57.00 | 65.00 | OK |
Version: 0.6-2
Check: compiled code
Result: NOTE
File ‘lgarch/libs/lgarch.so’:
Found no calls to: ‘R_registerRoutines’, ‘R_useDynamicSymbols’
It is good practice to register native routines and to disable symbol
search.
See ‘Writing portable packages’ in the ‘Writing R Extensions’ manual.
Flavors: r-devel-linux-x86_64-fedora-clang, r-devel-linux-x86_64-fedora-gcc