CRAN Package Check Results for Package legislatoR

Last updated on 2021-06-15 03:50:51 CEST.

Flavor Version Tinstall Tcheck Ttotal Status Flags
r-devel-linux-x86_64-debian-clang 1.0 4.51 45.95 50.46 NOTE
r-devel-linux-x86_64-debian-gcc 1.0 3.38 34.53 37.91 NOTE
r-devel-linux-x86_64-fedora-clang 1.0 67.68 NOTE
r-devel-linux-x86_64-fedora-gcc 1.0 57.05 NOTE
r-devel-windows-x86_64 1.0 8.00 62.00 70.00 NOTE
r-devel-windows-x86_64-gcc10-UCRT 1.0 NOTE
r-patched-linux-x86_64 1.0 3.90 42.60 46.50 NOTE
r-patched-solaris-x86 1.0 83.90 NOTE
r-release-linux-x86_64 1.0 4.01 42.94 46.95 NOTE
r-release-macos-arm64 1.0 NOTE
r-release-macos-x86_64 1.0 NOTE
r-release-windows-ix86+x86_64 1.0 8.00 62.00 70.00 NOTE
r-oldrel-macos-x86_64 1.0 OK
r-oldrel-windows-ix86+x86_64 1.0 17.00 63.00 80.00 OK

Check Details

Version: 1.0
Check: LazyData
Result: NOTE
     'LazyData' is specified without a 'data' directory
Flavors: r-devel-linux-x86_64-debian-clang, r-devel-linux-x86_64-debian-gcc, r-devel-linux-x86_64-fedora-clang, r-devel-linux-x86_64-fedora-gcc, r-devel-windows-x86_64, r-devel-windows-x86_64-gcc10-UCRT, r-patched-linux-x86_64, r-patched-solaris-x86, r-release-linux-x86_64, r-release-macos-arm64, r-release-macos-x86_64, r-release-windows-ix86+x86_64