CRAN Package Check Results for Package lcra

Last updated on 2021-06-20 07:50:12 CEST.

Flavor Version Tinstall Tcheck Ttotal Status Flags
r-devel-linux-x86_64-debian-clang 1.1.2 3.56 32.35 35.91 OK
r-devel-linux-x86_64-debian-gcc 1.1.2 2.35 25.95 28.30 OK
r-devel-linux-x86_64-fedora-clang 1.1.2 51.57 OK
r-devel-linux-x86_64-fedora-gcc 1.1.2 40.83 OK
r-devel-windows-x86_64 1.1.2 6.00 36.00 42.00 OK
r-devel-windows-x86_64-gcc10-UCRT 1.1.2 OK
r-patched-linux-x86_64 1.1.2 3.44 31.72 35.16 OK
r-patched-solaris-x86 1.1.2 74.40 OK
r-release-linux-x86_64 1.1.2 3.43 31.52 34.95 OK
r-release-macos-arm64 1.1.2 ERROR
r-release-macos-x86_64 1.1.2 OK
r-release-windows-ix86+x86_64 1.1.2 8.00 48.00 56.00 OK
r-oldrel-macos-x86_64 1.1.2 OK
r-oldrel-windows-ix86+x86_64 1.1.2 6.00 47.00 53.00 OK

Check Details

Version: 1.1.2
Check: package dependencies
Result: ERROR
    Package required but not available: ‘rjags’
    
    See section ‘The DESCRIPTION file’ in the ‘Writing R Extensions’
    manual.
Flavor: r-release-macos-arm64