CRAN Package Check Results for Package lcars

Last updated on 2021-06-14 11:52:55 CEST.

Flavor Version Tinstall Tcheck Ttotal Status Flags
r-devel-linux-x86_64-debian-clang 0.3.7 5.75 52.38 58.13 OK
r-devel-linux-x86_64-debian-gcc 0.3.7 4.11 40.43 44.54 OK
r-devel-linux-x86_64-fedora-clang 0.3.7 77.56 OK
r-devel-linux-x86_64-fedora-gcc 0.3.7 66.31 OK
r-devel-windows-x86_64 0.3.7 9.00 73.00 82.00 OK
r-devel-windows-x86_64-gcc10-UCRT 0.3.7 OK
r-patched-linux-x86_64 0.3.7 4.96 50.19 55.15 OK
r-patched-solaris-x86 0.3.7 98.70 OK
r-release-linux-x86_64 0.3.7 4.10 49.40 53.50 OK
r-release-macos-arm64 0.3.6 NOTE
r-release-macos-x86_64 0.3.7 OK
r-release-windows-ix86+x86_64 0.3.7 12.00 73.00 85.00 OK
r-oldrel-macos-x86_64 0.3.7 OK
r-oldrel-windows-ix86+x86_64 0.3.7 13.00 76.00 89.00 OK

Check Details

Version: 0.3.6
Check: package dependencies
Result: NOTE
    Package suggested but not available for checking: ‘showtext’
Flavor: r-release-macos-arm64