CRAN Package Check Results for Package lboxcox

Last updated on 2024-06-13 12:49:45 CEST.

Flavor Version Tinstall Tcheck Ttotal Status Flags
r-devel-linux-x86_64-debian-clang 1.2 11.95 137.69 149.64 OK
r-devel-linux-x86_64-debian-gcc 1.2 0.39 1.65 2.04 ERROR
r-devel-linux-x86_64-fedora-clang 1.2 191.28 OK
r-devel-linux-x86_64-fedora-gcc 1.2 190.73 OK
r-devel-windows-x86_64 1.2 12.00 132.00 144.00 OK
r-patched-linux-x86_64 1.2 13.64 134.26 147.90 OK
r-release-linux-x86_64 1.2 11.31 130.89 142.20 OK
r-release-macos-arm64 1.2 63.00 OK
r-release-macos-x86_64 1.2 102.00 OK
r-release-windows-x86_64 1.2 13.00 138.00 151.00 OK
r-oldrel-macos-arm64 1.2 72.00 OK
r-oldrel-macos-x86_64 1.2 143.00 OK
r-oldrel-windows-x86_64 1.2 14.00 156.00 170.00 OK

Check Details

Version: 1.2
Check: package dependencies
Result: ERROR Package required but not available: ‘dplyr’ Package suggested but not available for checking: ‘testthat’ See section ‘The DESCRIPTION file’ in the ‘Writing R Extensions’ manual. Flavor: r-devel-linux-x86_64-debian-gcc