CRAN Package Check Results for Package lazysql

Last updated on 2021-06-20 03:48:28 CEST.

Flavor Version Tinstall Tcheck Ttotal Status Flags
r-devel-linux-x86_64-debian-clang 0.1.3 1.97 22.99 24.96 NOTE
r-devel-linux-x86_64-debian-gcc 0.1.3 1.57 18.55 20.12 NOTE
r-devel-linux-x86_64-fedora-clang 0.1.3 40.16 NOTE
r-devel-linux-x86_64-fedora-gcc 0.1.3 29.17 NOTE
r-devel-windows-x86_64 0.1.3 4.00 29.00 33.00 NOTE
r-devel-windows-x86_64-gcc10-UCRT 0.1.3 NOTE
r-patched-linux-x86_64 0.1.3 2.14 22.63 24.77 NOTE
r-patched-solaris-x86 0.1.3 45.90 NOTE
r-release-linux-x86_64 0.1.3 1.69 22.51 24.20 NOTE
r-release-macos-arm64 0.1.3 NOTE
r-release-macos-x86_64 0.1.3 NOTE
r-release-windows-ix86+x86_64 0.1.3 5.00 39.00 44.00 NOTE
r-oldrel-macos-x86_64 0.1.3 OK
r-oldrel-windows-ix86+x86_64 0.1.3 3.00 40.00 43.00 OK

Check Details

Version: 0.1.3
Check: LazyData
Result: NOTE
     'LazyData' is specified without a 'data' directory
Flavors: r-devel-linux-x86_64-debian-clang, r-devel-linux-x86_64-debian-gcc, r-devel-linux-x86_64-fedora-clang, r-devel-linux-x86_64-fedora-gcc, r-devel-windows-x86_64, r-devel-windows-x86_64-gcc10-UCRT, r-patched-linux-x86_64, r-patched-solaris-x86, r-release-linux-x86_64, r-release-macos-arm64, r-release-macos-x86_64, r-release-windows-ix86+x86_64