CRAN Package Check Results for Package layer

Last updated on 2022-08-07 23:59:08 CEST.

Flavor Version Tinstall Tcheck Ttotal Status Flags
r-devel-linux-x86_64-debian-clang 0.0.1 8.28 109.71 117.99 OK
r-devel-linux-x86_64-debian-gcc 0.0.1 7.17 79.59 86.76 OK
r-devel-linux-x86_64-fedora-clang 0.0.1 141.14 NOTE
r-devel-linux-x86_64-fedora-gcc 0.0.1 141.34 NOTE
r-devel-windows-x86_64 0.0.1 12.00 123.00 135.00 OK
r-patched-linux-x86_64 0.0.1 9.40 102.25 111.65 OK
r-release-linux-x86_64 0.0.1 8.68 102.02 110.70 OK
r-release-macos-arm64 0.0.1 35.00 NOTE
r-release-macos-x86_64 0.0.1 66.00 NOTE
r-release-windows-x86_64 0.0.1 16.00 123.00 139.00 OK
r-oldrel-macos-arm64 0.0.1 36.00 NOTE
r-oldrel-macos-x86_64 0.0.1 56.00 NOTE
r-oldrel-windows-ix86+x86_64 0.0.1 19.00 121.00 140.00 OK

Check Details

Version: 0.0.1
Check: dependencies in R code
Result: NOTE
    Namespaces in Imports field not imported from:
     ‘dplyr’ ‘raster’
     All declared Imports should be used.
Flavors: r-devel-linux-x86_64-fedora-clang, r-devel-linux-x86_64-fedora-gcc, r-release-macos-arm64, r-release-macos-x86_64, r-oldrel-macos-arm64, r-oldrel-macos-x86_64