Last updated on 2023-04-01 11:51:31 CEST.
Flavor | Version | Tinstall | Tcheck | Ttotal | Status | Flags |
---|---|---|---|---|---|---|
r-devel-linux-x86_64-debian-clang | 1.5.1 | 23.74 | 473.85 | 497.59 | NOTE | |
r-devel-linux-x86_64-debian-gcc | 1.5.1 | 20.35 | 307.59 | 327.94 | NOTE | |
r-devel-linux-x86_64-fedora-clang | 1.5.1 | 566.42 | NOTE | |||
r-devel-linux-x86_64-fedora-gcc | 1.5.1 | 515.89 | NOTE | |||
r-devel-windows-x86_64 | 1.5.1 | 49.00 | 500.00 | 549.00 | OK | |
r-patched-linux-x86_64 | 1.5.1 | 35.26 | 390.30 | 425.56 | NOTE | |
r-release-linux-x86_64 | 1.5.1 | 30.37 | 406.08 | 436.45 | NOTE | |
r-release-macos-arm64 | 1.5.1 | 193.00 | NOTE | |||
r-release-macos-x86_64 | 1.5.1 | 306.00 | NOTE | |||
r-release-windows-x86_64 | 1.5.1 | 145.00 | 492.00 | 637.00 | OK | |
r-oldrel-macos-arm64 | 1.5.1 | 175.00 | NOTE | |||
r-oldrel-macos-x86_64 | 1.5.1 | 280.00 | NOTE | |||
r-oldrel-windows-ix86+x86_64 | 1.5.1 | 44.00 | 451.00 | 495.00 | OK |
Version: 1.5.1
Check: package dependencies
Result: NOTE
Packages suggested but not available for checking:
'akmedoids', 'clusterCrit'
Flavors: r-devel-linux-x86_64-debian-clang, r-devel-linux-x86_64-debian-gcc, r-devel-linux-x86_64-fedora-clang, r-devel-linux-x86_64-fedora-gcc, r-patched-linux-x86_64, r-release-linux-x86_64
Version: 1.5.1
Check: Rd cross-references
Result: NOTE
Unknown packages ‘clusterCrit’, ‘akmedoids’ in Rd xrefs
Flavors: r-devel-linux-x86_64-debian-clang, r-devel-linux-x86_64-debian-gcc, r-devel-linux-x86_64-fedora-clang, r-devel-linux-x86_64-fedora-gcc, r-patched-linux-x86_64, r-release-linux-x86_64
Version: 1.5.1
Check: package dependencies
Result: NOTE
Package suggested but not available for checking: ‘mixAK’
Flavors: r-release-macos-arm64, r-release-macos-x86_64, r-oldrel-macos-arm64, r-oldrel-macos-x86_64
Version: 1.5.1
Check: Rd cross-references
Result: NOTE
Package unavailable to check Rd xrefs: ‘mixAK’
Flavors: r-release-macos-arm64, r-release-macos-x86_64, r-oldrel-macos-arm64, r-oldrel-macos-x86_64