Last updated on 2022-05-23 23:50:06 CEST.
Flavor | Version | Tinstall | Tcheck | Ttotal | Status | Flags |
---|---|---|---|---|---|---|
r-devel-linux-x86_64-debian-clang | 1.2 | 22.53 | 78.84 | 101.37 | NOTE | |
r-devel-linux-x86_64-debian-gcc | 1.2 | 17.03 | 57.99 | 75.02 | NOTE | |
r-devel-linux-x86_64-fedora-clang | 1.2 | 121.02 | NOTE | |||
r-devel-linux-x86_64-fedora-gcc | 1.2 | 111.72 | NOTE | |||
r-devel-windows-x86_64 | 1.2 | 29.00 | 115.00 | 144.00 | NOTE | |
r-patched-linux-x86_64 | 1.2 | 14.74 | 74.50 | 89.24 | NOTE | |
r-release-linux-x86_64 | 1.2 | NOTE | ||||
r-release-macos-arm64 | 1.2 | 34.00 | NOTE | |||
r-release-macos-x86_64 | 1.2 | 45.00 | NOTE | |||
r-release-windows-x86_64 | 1.2 | 30.00 | 117.00 | 147.00 | NOTE | |
r-oldrel-macos-arm64 | 1.2 | 29.00 | NOTE | |||
r-oldrel-macos-x86_64 | 1.2 | 53.00 | NOTE | |||
r-oldrel-windows-ix86+x86_64 | 1.2 | 49.00 | 119.00 | 168.00 | NOTE |
Version: 1.2
Check: LazyData
Result: NOTE
'LazyData' is specified without a 'data' directory
Flavors: r-devel-linux-x86_64-debian-clang, r-devel-linux-x86_64-debian-gcc, r-devel-linux-x86_64-fedora-clang, r-devel-linux-x86_64-fedora-gcc, r-devel-windows-x86_64, r-patched-linux-x86_64, r-release-linux-x86_64, r-release-macos-arm64, r-release-macos-x86_64, r-release-windows-x86_64, r-oldrel-macos-arm64, r-oldrel-macos-x86_64, r-oldrel-windows-ix86+x86_64