CRAN Package Check Results for Package landmap

Last updated on 2021-06-19 11:51:52 CEST.

Flavor Version Tinstall Tcheck Ttotal Status Flags
r-devel-linux-x86_64-debian-clang 0.0.11 11.74 111.03 122.77 OK
r-devel-linux-x86_64-debian-gcc 0.0.11 9.82 85.00 94.82 OK
r-devel-linux-x86_64-fedora-clang 0.0.11 155.58 NOTE
r-devel-linux-x86_64-fedora-gcc 0.0.11 152.57 NOTE
r-devel-windows-x86_64 0.0.11 20.00 136.00 156.00 OK
r-devel-windows-x86_64-gcc10-UCRT 0.0.11 ERROR
r-patched-linux-x86_64 0.0.11 11.81 106.57 118.38 OK
r-patched-solaris-x86 0.0.11 214.20 NOTE
r-release-linux-x86_64 0.0.11 10.70 108.33 119.03 OK
r-release-macos-arm64 0.0.11 ERROR
r-release-macos-x86_64 0.0.11 NOTE
r-release-windows-ix86+x86_64 0.0.11 25.00 135.00 160.00 OK
r-oldrel-macos-x86_64 0.0.11 NOTE
r-oldrel-windows-ix86+x86_64 0.0.11 16.00 151.00 167.00 OK

Check Details

Version: 0.0.11
Check: data for non-ASCII characters
Result: NOTE
     Note: found 23 marked UTF-8 strings
Flavors: r-devel-linux-x86_64-fedora-clang, r-devel-linux-x86_64-fedora-gcc, r-devel-windows-x86_64-gcc10-UCRT, r-patched-solaris-x86, r-release-macos-arm64, r-release-macos-x86_64, r-oldrel-macos-x86_64

Version: 0.0.11
Check: package dependencies
Result: NOTE
    Packages suggested but not available for checking: 'spdep', 'plotKML'
Flavor: r-devel-windows-x86_64-gcc10-UCRT

Version: 0.0.11
Check: examples
Result: ERROR
    Running examples in 'landmap-Ex.R' failed
    The error most likely occurred in:
    
    > ### Name: spc,SpatialPixelsDataFrame-method
    > ### Title: Generate Principal Components using SpatialPixelsDataFrame
    > ### object
    > ### Aliases: spc,SpatialPixelsDataFrame-method spc
    >
    > ### ** Examples
    >
    > library(plotKML)
    Error in library(plotKML) : there is no package called 'plotKML'
    Execution halted
Flavors: r-devel-windows-x86_64-gcc10-UCRT, r-release-macos-arm64

Version: 0.0.11
Check: package dependencies
Result: NOTE
    Package suggested but not available for checking: ‘plotKML’
Flavor: r-release-macos-arm64