CRAN Package Check Results for Package landmap

Last updated on 2021-11-30 19:51:27 CET.

Flavor Version Tinstall Tcheck Ttotal Status Flags
r-devel-linux-x86_64-debian-clang 0.0.13 26.76 237.74 264.50 OK
r-devel-linux-x86_64-debian-gcc 0.0.13 24.02 179.25 203.27 OK
r-devel-linux-x86_64-fedora-clang 0.0.13 331.51 NOTE
r-devel-linux-x86_64-fedora-gcc 0.0.13 319.02 NOTE
r-devel-windows-x86_64-new-UL 0.0.13 48.00 277.00 325.00 OK
r-devel-windows-x86_64-new-TK 0.0.13 NOTE
r-devel-windows-x86_64-old 0.0.13 44.00 202.00 246.00 OK
r-patched-linux-x86_64 0.0.13 25.13 231.11 256.24 OK
r-patched-solaris-x86 0.0.13 402.20 NOTE
r-release-linux-x86_64 0.0.13 28.80 231.37 260.17 OK
r-release-macos-arm64 0.0.13 NOTE
r-release-macos-x86_64 0.0.13 NOTE
r-release-windows-ix86+x86_64 0.0.13 65.00 273.00 338.00 OK
r-oldrel-macos-x86_64 0.0.13 NOTE
r-oldrel-windows-ix86+x86_64 0.0.13 43.00 191.00 234.00 OK

Check Details

Version: 0.0.13
Check: dependencies in R code
Result: NOTE
    Namespaces in Imports field not imported from:
     ‘ParamHelpers’ ‘geoR’ ‘kernlab’ ‘maptools’ ‘nnet’ ‘rpart’ ‘spdep’
     ‘xgboost’
     All declared Imports should be used.
Flavors: r-devel-linux-x86_64-fedora-clang, r-devel-linux-x86_64-fedora-gcc, r-devel-windows-x86_64-new-TK, r-patched-solaris-x86, r-release-macos-arm64, r-release-macos-x86_64, r-oldrel-macos-x86_64

Version: 0.0.13
Check: data for non-ASCII characters
Result: NOTE
     Note: found 23 marked UTF-8 strings
Flavors: r-devel-linux-x86_64-fedora-clang, r-devel-linux-x86_64-fedora-gcc, r-devel-windows-x86_64-new-TK, r-patched-solaris-x86, r-release-macos-arm64, r-release-macos-x86_64, r-oldrel-macos-x86_64