Last updated on 2023-06-04 15:56:49 CEST.
Flavor | Version | Tinstall | Tcheck | Ttotal | Status | Flags |
---|---|---|---|---|---|---|
r-devel-linux-x86_64-debian-clang | 2.1.2 | 20.34 | 28.75 | 49.09 | NOTE | |
r-devel-linux-x86_64-debian-gcc | 2.1.2 | 13.73 | 22.49 | 36.22 | NOTE | |
r-devel-linux-x86_64-fedora-clang | 2.1.2 | 70.38 | NOTE | |||
r-devel-linux-x86_64-fedora-gcc | 2.1.2 | 65.86 | NOTE | |||
r-devel-windows-x86_64 | 2.1.2 | 20.00 | 60.00 | 80.00 | NOTE | |
r-patched-linux-x86_64 | 2.1.2 | 16.34 | 27.55 | 43.89 | NOTE | |
r-release-linux-x86_64 | 2.1.2 | 17.05 | 27.60 | 44.65 | NOTE | |
r-release-macos-arm64 | 2.1.2 | 26.00 | NOTE | |||
r-release-macos-x86_64 | 2.1.2 | 40.00 | NOTE | |||
r-release-windows-x86_64 | 2.1.2 | 23.00 | 67.00 | 90.00 | NOTE | |
r-oldrel-macos-arm64 | 2.1.2 | 25.00 | NOTE | |||
r-oldrel-macos-x86_64 | 2.1.2 | 33.00 | NOTE | |||
r-oldrel-windows-x86_64 | 2.1.2 | 23.00 | 68.00 | 91.00 | NOTE |
Version: 2.1.2
Check: for GNU extensions in Makefiles
Result: NOTE
GNU make is a SystemRequirements.
Flavors: r-devel-linux-x86_64-debian-clang, r-devel-linux-x86_64-debian-gcc, r-devel-linux-x86_64-fedora-clang, r-devel-linux-x86_64-fedora-gcc, r-devel-windows-x86_64, r-patched-linux-x86_64, r-release-linux-x86_64, r-release-macos-arm64, r-release-macos-x86_64, r-release-windows-x86_64, r-oldrel-macos-arm64, r-oldrel-macos-x86_64, r-oldrel-windows-x86_64
Version: 2.1.2
Check: Rd cross-references
Result: NOTE
Undeclared package ‘gsl’ in Rd xrefs
Flavor: r-devel-linux-x86_64-fedora-clang