CRAN Package Check Results for Package labsimplex

Last updated on 2024-06-13 16:49:12 CEST.

Flavor Version Tinstall Tcheck Ttotal Status Flags
r-devel-linux-x86_64-debian-clang 0.1.2 7.75 122.71 130.46 OK
r-devel-linux-x86_64-debian-gcc 0.1.2 0.64 1.67 2.31 ERROR
r-devel-linux-x86_64-fedora-clang 0.1.2 171.45 OK
r-devel-linux-x86_64-fedora-gcc 0.1.2 178.12 OK
r-devel-windows-x86_64 0.1.2 8.00 94.00 102.00 OK
r-patched-linux-x86_64 0.1.2 8.09 123.25 131.34 OK
r-release-linux-x86_64 0.1.2 5.53 121.35 126.88 OK
r-release-macos-arm64 0.1.2 47.00 OK
r-release-macos-x86_64 0.1.2 85.00 OK
r-release-windows-x86_64 0.1.2 8.00 93.00 101.00 OK
r-oldrel-macos-arm64 0.1.2 48.00 OK
r-oldrel-macos-x86_64 0.1.2 76.00 OK
r-oldrel-windows-x86_64 0.1.2 10.00 103.00 113.00 OK

Check Details

Version: 0.1.2
Check: package dependencies
Result: ERROR Package required but not available: ‘ggplot2’ Package suggested but not available for checking: ‘FrF2’ See section ‘The DESCRIPTION file’ in the ‘Writing R Extensions’ manual. Flavor: r-devel-linux-x86_64-debian-gcc