CRAN Package Check Results for Package koRpus.lang.en

Last updated on 2024-06-16 04:51:42 CEST.

Flavor Version Tinstall Tcheck Ttotal Status Flags
r-devel-linux-x86_64-debian-clang 0.1-4 8.54 68.80 77.34 OK
r-devel-linux-x86_64-debian-gcc 0.1-4 7.36 58.95 66.31 OK
r-devel-linux-x86_64-fedora-clang 0.1-4 107.56 NOTE
r-devel-linux-x86_64-fedora-gcc 0.1-4 101.66 NOTE
r-devel-windows-x86_64 0.1-4 7.00 72.00 79.00 OK
r-patched-linux-x86_64 0.1-4 8.53 73.51 82.04 OK
r-release-linux-x86_64 0.1-4 8.47 72.47 80.94 OK
r-release-macos-arm64 0.1-4 32.00 OK
r-release-macos-x86_64 0.1-4 65.00 OK
r-release-windows-x86_64 0.1-4 8.00 71.00 79.00 OK
r-oldrel-macos-arm64 0.1-4 35.00 OK
r-oldrel-macos-x86_64 0.1-4 56.00 OK
r-oldrel-windows-x86_64 0.1-4 10.00 85.00 95.00 OK

Check Details

Version: 0.1-4
Check: dependencies in R code
Result: NOTE Namespace in Imports field not imported from: ‘methods’ All declared Imports should be used. Flavors: r-devel-linux-x86_64-fedora-clang, r-devel-linux-x86_64-fedora-gcc