CRAN Package Check Results for Package knockoff

Last updated on 2021-09-22 07:51:22 CEST.

Flavor Version Tinstall Tcheck Ttotal Status Flags
r-devel-linux-x86_64-debian-clang 0.3.3 3.71 104.39 108.10 OK --no-vignettes
r-devel-linux-x86_64-debian-gcc 0.3.3 2.84 82.12 84.96 OK --no-vignettes
r-devel-linux-x86_64-fedora-clang 0.3.3 137.41 OK --no-vignettes
r-devel-linux-x86_64-fedora-gcc 0.3.3 128.98 OK --no-vignettes
r-devel-windows-x86_64 0.3.3 5.00 95.00 100.00 NOTE --no-vignettes
r-devel-windows-x86_64-gcc10-UCRT 0.3.3 ERROR --no-vignettes
r-patched-linux-x86_64 0.3.3 3.87 104.16 108.03 OK --no-vignettes
r-patched-solaris-x86 0.3.3 233.30 OK --no-vignettes
r-release-linux-x86_64 0.3.3 3.25 104.28 107.53 OK --no-vignettes
r-release-macos-arm64 0.3.3 OK
r-release-macos-x86_64 0.3.3 OK
r-release-windows-ix86+x86_64 0.3.3 7.00 95.00 102.00 NOTE --no-vignettes
r-oldrel-macos-x86_64 0.3.3 OK
r-oldrel-windows-ix86+x86_64 0.3.3 5.00 101.00 106.00 NOTE --no-vignettes

Check Details

Version: 0.3.3
Flags: --no-vignettes
Check: package dependencies
Result: NOTE
    Package suggested but not available for checking: 'doMC'
Flavors: r-devel-windows-x86_64, r-devel-windows-x86_64-gcc10-UCRT, r-release-windows-ix86+x86_64, r-oldrel-windows-ix86+x86_64

Version: 0.3.3
Flags: --no-vignettes
Check: PDF version of manual
Result: WARN
    LaTeX errors when creating PDF version.
    This typically indicates Rd problems.
Flavor: r-devel-windows-x86_64-gcc10-UCRT

Version: 0.3.3
Flags: --no-vignettes
Check: PDF version of manual without hyperrefs or index
Result: ERROR
    Re-running with no redirection of stdout/stderr.
Flavor: r-devel-windows-x86_64-gcc10-UCRT