CRAN Package Check Results for Package knn.covertree

Last updated on 2024-05-18 08:57:48 CEST.

Flavor Version Tinstall Tcheck Ttotal Status Flags
r-devel-linux-x86_64-debian-clang 1.0 52.74 69.81 122.55 NOTE
r-devel-linux-x86_64-debian-gcc 1.0 37.02 52.04 89.06 NOTE
r-devel-linux-x86_64-fedora-clang 1.0 153.95 NOTE
r-devel-linux-x86_64-fedora-gcc 1.0 213.11 NOTE
r-devel-windows-x86_64 1.0 35.00 82.00 117.00 NOTE
r-patched-linux-x86_64 1.0 47.24 65.97 113.21 NOTE
r-release-linux-x86_64 1.0 40.94 66.61 107.55 NOTE
r-release-macos-arm64 1.0 39.00 NOTE
r-release-windows-x86_64 1.0 35.00 87.00 122.00 NOTE
r-oldrel-macos-arm64 1.0 44.00 NOTE
r-oldrel-macos-x86_64 1.0 72.00 NOTE
r-oldrel-windows-x86_64 1.0 44.00 102.00 146.00 NOTE

Check Details

Version: 1.0
Check: C++ specification
Result: NOTE Specified C++11: please drop specification unless essential Flavors: r-devel-linux-x86_64-debian-clang, r-devel-linux-x86_64-debian-gcc, r-devel-linux-x86_64-fedora-clang, r-devel-linux-x86_64-fedora-gcc, r-devel-windows-x86_64, r-patched-linux-x86_64, r-release-linux-x86_64, r-release-macos-arm64, r-release-windows-x86_64, r-oldrel-macos-arm64, r-oldrel-macos-x86_64, r-oldrel-windows-x86_64