CRAN Package Check Results for Package knitrdata

Last updated on 2021-06-13 11:49:09 CEST.

Flavor Version Tinstall Tcheck Ttotal Status Flags
r-devel-linux-x86_64-debian-clang 0.6.1 2.86 41.46 44.32 NOTE
r-devel-linux-x86_64-debian-gcc 0.6.1 2.03 32.51 34.54 NOTE
r-devel-linux-x86_64-fedora-clang 0.6.1 61.67 NOTE
r-devel-linux-x86_64-fedora-gcc 0.6.1 53.02 NOTE
r-devel-windows-x86_64 0.6.1 6.00 62.00 68.00 NOTE
r-devel-windows-x86_64-gcc10-UCRT 0.6.1 NOTE
r-patched-linux-x86_64 0.6.1 2.48 40.26 42.74 NOTE
r-patched-solaris-x86 0.6.1 69.30 NOTE
r-release-linux-x86_64 0.6.1 2.61 39.85 42.46 NOTE
r-release-macos-arm64 0.6.1 WARN
r-release-macos-x86_64 0.6.1 WARN
r-release-windows-ix86+x86_64 0.6.1 5.00 66.00 71.00 NOTE
r-oldrel-macos-x86_64 0.6.1 WARN
r-oldrel-windows-ix86+x86_64 0.6.1 5.00 61.00 66.00 OK

Check Details

Version: 0.6.1
Check: LazyData
Result: NOTE
     'LazyData' is specified without a 'data' directory
Flavors: r-devel-linux-x86_64-debian-clang, r-devel-linux-x86_64-debian-gcc, r-devel-linux-x86_64-fedora-clang, r-devel-linux-x86_64-fedora-gcc, r-devel-windows-x86_64, r-devel-windows-x86_64-gcc10-UCRT, r-patched-linux-x86_64, r-patched-solaris-x86, r-release-linux-x86_64, r-release-macos-arm64, r-release-macos-x86_64, r-release-windows-ix86+x86_64

Version: 0.6.1
Check: dependencies in R code
Result: NOTE
    Namespace in Imports field not imported from: ‘methods’
     All declared Imports should be used.
Flavors: r-devel-linux-x86_64-fedora-clang, r-devel-linux-x86_64-fedora-gcc, r-devel-windows-x86_64-gcc10-UCRT, r-patched-solaris-x86, r-release-macos-arm64, r-release-macos-x86_64, r-oldrel-macos-x86_64

Version: 0.6.1
Check: package dependencies
Result: NOTE
    Package suggested but not available for checking: ‘gpg’
Flavor: r-patched-solaris-x86

Version: 0.6.1
Check: re-building of vignette outputs
Result: WARN
    Error(s) in re-building vignettes:
     ...
    --- re-building ‘data_language_engine_vignette.Rmd’ using rmarkdown_notangle
    Warning in engine$weave(file, quiet = quiet, encoding = enc) :
     Pandoc (>= 1.12.3) not available. Falling back to R Markdown v1.
    Loading required namespace: gpg
    Quitting from lines 134-135 (data_language_engine_vignette.Rmd)
    Error: processing vignette 'data_language_engine_vignette.Rmd' failed with diagnostics:
    object 'params' not found
    --- failed re-building ‘data_language_engine_vignette.Rmd’
    
    SUMMARY: processing the following file failed:
     ‘data_language_engine_vignette.Rmd’
    
    Error: Vignette re-building failed.
    Execution halted
Flavors: r-release-macos-arm64, r-release-macos-x86_64

Version: 0.6.1
Check: re-building of vignette outputs
Result: WARN
    Error(s) in re-building vignettes:
     ...
    --- re-building ‘data_language_engine_vignette.Rmd’ using rmarkdown_notangle
    Warning in engine$weave(file, quiet = quiet, encoding = enc) :
     Pandoc (>= 1.12.3) and/or pandoc-citeproc not available. Falling back to R Markdown v1.
    Loading required namespace: gpg
    Quitting from lines 134-135 (data_language_engine_vignette.Rmd)
    Error: processing vignette 'data_language_engine_vignette.Rmd' failed with diagnostics:
    object 'params' not found
    --- failed re-building ‘data_language_engine_vignette.Rmd’
    
    SUMMARY: processing the following file failed:
     ‘data_language_engine_vignette.Rmd’
    
    Error: Vignette re-building failed.
    Execution halted
Flavor: r-oldrel-macos-x86_64