CRAN Package Check Results for Package klustR

Last updated on 2021-06-19 23:49:23 CEST.

Flavor Version Tinstall Tcheck Ttotal Status Flags
r-devel-linux-x86_64-debian-clang 0.1.0 2.23 24.78 27.01 NOTE
r-devel-linux-x86_64-debian-gcc 0.1.0 1.85 19.46 21.31 NOTE
r-devel-linux-x86_64-fedora-clang 0.1.0 41.34 NOTE
r-devel-linux-x86_64-fedora-gcc 0.1.0 30.67 NOTE
r-devel-windows-x86_64 0.1.0 4.00 41.00 45.00 NOTE
r-devel-windows-x86_64-gcc10-UCRT 0.1.0 NOTE
r-patched-linux-x86_64 0.1.0 2.48 23.90 26.38 NOTE
r-patched-solaris-x86 0.1.0 52.90 NOTE
r-release-linux-x86_64 0.1.0 2.24 23.99 26.23 NOTE
r-release-macos-arm64 0.1.0 NOTE
r-release-macos-x86_64 0.1.0 NOTE
r-release-windows-ix86+x86_64 0.1.0 6.00 40.00 46.00 NOTE
r-oldrel-macos-x86_64 0.1.0 OK
r-oldrel-windows-ix86+x86_64 0.1.0 5.00 40.00 45.00 OK

Check Details

Version: 0.1.0
Check: LazyData
Result: NOTE
     'LazyData' is specified without a 'data' directory
Flavors: r-devel-linux-x86_64-debian-clang, r-devel-linux-x86_64-debian-gcc, r-devel-linux-x86_64-fedora-clang, r-devel-linux-x86_64-fedora-gcc, r-devel-windows-x86_64, r-devel-windows-x86_64-gcc10-UCRT, r-patched-linux-x86_64, r-patched-solaris-x86, r-release-linux-x86_64, r-release-macos-arm64, r-release-macos-x86_64, r-release-windows-ix86+x86_64