CRAN Package Check Results for Package kittyR

Last updated on 2021-06-18 19:50:51 CEST.

Flavor Version Tinstall Tcheck Ttotal Status Flags
r-devel-linux-x86_64-debian-clang 1.1.0 5.64 53.77 59.41 OK
r-devel-linux-x86_64-debian-gcc 1.1.0 3.88 40.74 44.62 OK
r-devel-linux-x86_64-fedora-clang 1.1.0 79.85 OK
r-devel-linux-x86_64-fedora-gcc 1.1.0 66.75 OK
r-devel-windows-x86_64 1.1.0 12.00 71.00 83.00 OK
r-devel-windows-x86_64-gcc10-UCRT 1.1.0 OK
r-patched-linux-x86_64 1.1.0 5.47 50.23 55.70 OK
r-patched-solaris-x86 1.1.0 109.40 NOTE
r-release-linux-x86_64 1.1.0 5.22 49.91 55.13 OK
r-release-macos-arm64 1.1.0 OK
r-release-macos-x86_64 1.1.0 OK
r-release-windows-ix86+x86_64 1.1.0 17.00 77.00 94.00 OK
r-oldrel-macos-x86_64 1.1.0 OK
r-oldrel-windows-ix86+x86_64 1.1.0 13.00 58.00 71.00 OK

Check Details

Version: 1.1.0
Check: installed package size
Result: NOTE
     installed size is 5.1Mb
     sub-directories of 1Mb or more:
     sounds 4.1Mb
Flavor: r-patched-solaris-x86