CRAN Package Check Results for Package kibior

Last updated on 2022-01-22 19:50:23 CET.

Flavor Version Tinstall Tcheck Ttotal Status Flags
r-devel-linux-x86_64-debian-clang 0.1.1 11.99 81.27 93.26 NOTE
r-devel-linux-x86_64-debian-gcc 0.1.1 8.88 61.56 70.44 NOTE
r-devel-linux-x86_64-fedora-clang 0.1.1 111.68 NOTE
r-devel-linux-x86_64-fedora-gcc 0.1.1 97.70 NOTE
r-devel-windows-x86_64-new-UL 0.1.1 73.00 114.00 187.00 NOTE
r-devel-windows-x86_64-new-TK 0.1.1 NOTE
r-patched-linux-x86_64 0.1.1 13.93 78.50 92.43 NOTE
r-release-linux-x86_64 0.1.1 7.52 78.97 86.49 NOTE
r-release-macos-arm64 0.1.1 NOTE
r-release-macos-x86_64 0.1.1 NOTE
r-release-windows-ix86+x86_64 0.1.1 23.00 99.00 122.00 NOTE
r-oldrel-macos-x86_64 0.1.1 NOTE
r-oldrel-windows-ix86+x86_64 0.1.1 24.00 102.00 126.00 OK

Check Details

Version: 0.1.1
Check: LazyData
Result: NOTE
     'LazyData' is specified without a 'data' directory
Flavors: r-devel-linux-x86_64-debian-clang, r-devel-linux-x86_64-debian-gcc, r-devel-linux-x86_64-fedora-clang, r-devel-linux-x86_64-fedora-gcc, r-devel-windows-x86_64-new-UL, r-devel-windows-x86_64-new-TK, r-patched-linux-x86_64, r-release-linux-x86_64, r-release-macos-arm64, r-release-macos-x86_64, r-release-windows-ix86+x86_64

Version: 0.1.1
Check: dependencies in R code
Result: NOTE
    Namespaces in Imports field not imported from:
     ‘Biostrings’ ‘Rsamtools’ ‘rtracklayer’
     All declared Imports should be used.
Flavors: r-devel-linux-x86_64-fedora-clang, r-devel-linux-x86_64-fedora-gcc, r-devel-windows-x86_64-new-TK, r-release-macos-arm64, r-release-macos-x86_64, r-oldrel-macos-x86_64