CRAN Package Check Results for Package kgrams

Last updated on 2021-11-27 19:49:38 CET.

Flavor Version Tinstall Tcheck Ttotal Status Flags
r-devel-linux-x86_64-debian-clang 0.1.2 OK
r-devel-linux-x86_64-debian-gcc 0.1.2 93.72 103.45 197.17 OK
r-devel-linux-x86_64-fedora-clang 0.1.2 347.09 NOTE
r-devel-linux-x86_64-fedora-gcc 0.1.2 338.58 NOTE
r-devel-windows-x86_64-new-UL 0.1.2 147.00 240.00 387.00 OK
r-devel-windows-x86_64-new-TK 0.1.2 NOTE
r-devel-windows-x86_64-old 0.1.2 96.00 191.00 287.00 OK
r-patched-linux-x86_64 0.1.2 111.90 129.74 241.64 OK
r-patched-solaris-x86 0.1.2 254.40 NOTE
r-release-linux-x86_64 0.1.2 OK
r-release-macos-arm64 0.1.2 NOTE
r-release-macos-x86_64 0.1.2 NOTE
r-release-windows-ix86+x86_64 0.1.2 257.00 178.00 435.00 OK
r-oldrel-macos-x86_64 0.1.2 NOTE
r-oldrel-windows-ix86+x86_64 0.1.2 263.00 242.00 505.00 OK

Check Details

Version: 0.1.2
Check: installed package size
Result: NOTE
     installed size is 15.1Mb
     sub-directories of 1Mb or more:
     libs 14.7Mb
Flavors: r-devel-linux-x86_64-fedora-clang, r-release-macos-arm64, r-release-macos-x86_64, r-oldrel-macos-x86_64

Version: 0.1.2
Check: dependencies in R code
Result: NOTE
    Namespace in Imports field not imported from: ‘RcppProgress’
     All declared Imports should be used.
Flavors: r-devel-linux-x86_64-fedora-clang, r-devel-linux-x86_64-fedora-gcc, r-devel-windows-x86_64-new-TK, r-patched-solaris-x86, r-release-macos-arm64, r-release-macos-x86_64, r-oldrel-macos-x86_64