CRAN Package Check Results for Package kernscr

Last updated on 2021-03-09 07:49:42 CET.

Flavor Version Tinstall Tcheck Ttotal Status Flags
r-devel-linux-x86_64-debian-clang 1.0.5 2.92 27.81 30.73 OK
r-devel-linux-x86_64-debian-gcc 1.0.5 2.28 21.69 23.97 OK
r-devel-linux-x86_64-fedora-clang 1.0.5 47.33 OK
r-devel-linux-x86_64-fedora-gcc 1.0.5 36.07 OK
r-devel-windows-ix86+x86_64 1.0.5 7.00 33.00 40.00 OK
r-devel-windows-x86_64-gcc10-UCRT 1.0.5 OK
r-patched-linux-x86_64 1.0.5 2.72 26.75 29.47 OK
r-patched-solaris-x86 1.0.5 54.40 OK
r-release-linux-x86_64 1.0.5 2.49 26.61 29.10 OK
r-release-macos-x86_64 1.0.5 OK
r-release-windows-ix86+x86_64 1.0.5 5.00 42.00 47.00 OK
r-oldrel-macos-x86_64 1.0.5 NOTE
r-oldrel-windows-ix86+x86_64 1.0.5 4.00 33.00 37.00 OK

Check Details

Version: 1.0.5
Check: package dependencies
Result: NOTE
    Package suggested but not available for checking: ‘org.Hs.eg.db’
Flavor: r-oldrel-macos-x86_64