CRAN Package Check Results for Package kerastuneR

Last updated on 2021-02-26 11:50:56 CET.

Flavor Version Tinstall Tcheck Ttotal Status Flags
r-devel-linux-x86_64-debian-clang 0.1.0.3 11.85 111.16 123.01 OK
r-devel-linux-x86_64-debian-gcc 0.1.0.3 9.43 83.35 92.78 OK
r-devel-linux-x86_64-fedora-clang 0.1.0.3 161.19 NOTE
r-devel-linux-x86_64-fedora-gcc 0.1.0.3 147.88 NOTE
r-devel-windows-ix86+x86_64 0.1.0.3 19.00 103.00 122.00 OK
r-patched-linux-x86_64 0.1.0.3 10.76 102.56 113.32 OK
r-patched-solaris-x86 0.1.0.3 222.90 NOTE
r-release-linux-x86_64 0.1.0.3 11.79 102.68 114.47 OK
r-release-macos-x86_64 0.1.0.3 NOTE
r-release-windows-ix86+x86_64 0.1.0.3 31.00 144.00 175.00 OK
r-oldrel-macos-x86_64 0.1.0.3 NOTE
r-oldrel-windows-ix86+x86_64 0.1.0.3 19.00 94.00 113.00 OK

Check Details

Version: 0.1.0.3
Check: dependencies in R code
Result: NOTE
    Namespace in Imports field not imported from: ‘keras’
     All declared Imports should be used.
Flavors: r-devel-linux-x86_64-fedora-clang, r-devel-linux-x86_64-fedora-gcc, r-patched-solaris-x86, r-release-macos-x86_64, r-oldrel-macos-x86_64