Last updated on 2025-04-30 17:00:54 CEST.
Flavor | Version | Tinstall | Tcheck | Ttotal | Status | Flags |
---|---|---|---|---|---|---|
r-devel-linux-x86_64-debian-clang | 1.3.0 | 46.19 | 966.05 | 1012.24 | OK | |
r-devel-linux-x86_64-debian-gcc | 1.3.0 | 34.36 | 609.96 | 644.32 | OK | |
r-devel-linux-x86_64-fedora-clang | 1.3.0 | 1454.89 | OK | |||
r-devel-linux-x86_64-fedora-gcc | 1.3.0 | 1451.05 | OK | |||
r-devel-windows-x86_64 | 1.3.0 | 56.00 | 1195.00 | 1251.00 | OK | |
r-patched-linux-x86_64 | 1.3.0 | 226.80 | 883.48 | 1110.28 | OK | |
r-release-linux-x86_64 | 1.3.0 | 46.47 | 878.54 | 925.01 | OK | |
r-release-macos-arm64 | 1.3.0 | 568.00 | OK | |||
r-release-macos-x86_64 | 1.3.0 | 875.00 | OK | |||
r-release-windows-x86_64 | 1.3.0 | 59.00 | 1163.00 | 1222.00 | OK | |
r-oldrel-macos-arm64 | 1.3.0 | 319.00 | NOTE | |||
r-oldrel-macos-x86_64 | 1.3.0 | 539.00 | NOTE | |||
r-oldrel-windows-x86_64 | 1.3.0 | 68.00 | 1322.00 | 1390.00 | NOTE |
Version: 1.3.0
Check: installed package size
Result: NOTE
installed size is 14.1Mb
sub-directories of 1Mb or more:
doc 3.3Mb
help 10.0Mb
Flavors: r-oldrel-macos-arm64, r-oldrel-macos-x86_64, r-oldrel-windows-x86_64