CRAN Package Check Results for Package kdensity

Last updated on 2021-04-12 23:48:05 CEST.

Flavor Version Tinstall Tcheck Ttotal Status Flags
r-devel-linux-x86_64-debian-clang 1.1.0 5.62 55.06 60.68 NOTE
r-devel-linux-x86_64-debian-gcc 1.1.0 4.59 41.11 45.70 NOTE
r-devel-linux-x86_64-fedora-clang 1.1.0 83.07 NOTE
r-devel-linux-x86_64-fedora-gcc 1.1.0 70.49 NOTE
r-devel-windows-ix86+x86_64 1.1.0 12.00 77.00 89.00 NOTE
r-devel-windows-x86_64-gcc10-UCRT 1.1.0 NOTE
r-patched-linux-x86_64 1.1.0 6.35 51.62 57.97 OK
r-patched-solaris-x86 1.1.0 99.60 NOTE
r-release-linux-x86_64 1.1.0 5.76 51.79 57.55 OK
r-release-macos-x86_64 1.1.0 NOTE
r-release-windows-ix86+x86_64 1.1.0 10.00 75.00 85.00 OK
r-oldrel-macos-x86_64 1.1.0 NOTE
r-oldrel-windows-ix86+x86_64 1.1.0 7.00 54.00 61.00 OK

Check Details

Version: 1.1.0
Check: LazyData
Result: NOTE
     'LazyData' is specified without a 'data' directory
Flavors: r-devel-linux-x86_64-debian-clang, r-devel-linux-x86_64-debian-gcc, r-devel-linux-x86_64-fedora-clang, r-devel-linux-x86_64-fedora-gcc, r-devel-windows-ix86+x86_64, r-devel-windows-x86_64-gcc10-UCRT

Version: 1.1.0
Check: dependencies in R code
Result: NOTE
    Namespaces in Imports field not imported from:
     ‘EQL’ ‘univariateML’
     All declared Imports should be used.
Flavors: r-devel-linux-x86_64-fedora-clang, r-devel-linux-x86_64-fedora-gcc, r-devel-windows-x86_64-gcc10-UCRT, r-patched-solaris-x86, r-release-macos-x86_64, r-oldrel-macos-x86_64