CRAN Package Check Results for Package kde1d

Last updated on 2021-06-22 11:49:55 CEST.

Flavor Version Tinstall Tcheck Ttotal Status Flags
r-devel-linux-x86_64-debian-clang 1.0.3 52.02 31.59 83.61 NOTE
r-devel-linux-x86_64-debian-gcc 1.0.3 34.03 25.53 59.56 NOTE
r-devel-linux-x86_64-fedora-clang 1.0.3 119.20 NOTE
r-devel-linux-x86_64-fedora-gcc 1.0.3 102.21 NOTE
r-devel-windows-x86_64 1.0.3 53.00 48.00 101.00 NOTE
r-devel-windows-x86_64-gcc10-UCRT 1.0.3 NOTE
r-patched-linux-x86_64 1.0.3 42.89 31.20 74.09 NOTE
r-patched-solaris-x86 1.0.3 110.60 NOTE
r-release-linux-x86_64 1.0.3 40.65 31.41 72.06 NOTE
r-release-macos-arm64 1.0.3 NOTE
r-release-macos-x86_64 1.0.3 NOTE
r-release-windows-ix86+x86_64 1.0.3 103.00 79.00 182.00 NOTE
r-oldrel-macos-x86_64 1.0.3 NOTE

Check Details

Version: 1.0.3
Check: LazyData
Result: NOTE
     'LazyData' is specified without a 'data' directory
Flavors: r-devel-linux-x86_64-debian-clang, r-devel-linux-x86_64-debian-gcc, r-devel-linux-x86_64-fedora-clang, r-devel-linux-x86_64-fedora-gcc, r-devel-windows-x86_64, r-devel-windows-x86_64-gcc10-UCRT, r-patched-linux-x86_64, r-patched-solaris-x86, r-release-linux-x86_64, r-release-macos-arm64, r-release-macos-x86_64, r-release-windows-ix86+x86_64

Version: 1.0.3
Check: installed package size
Result: NOTE
     installed size is 13.9Mb
     sub-directories of 1Mb or more:
     libs 13.7Mb
Flavors: r-devel-linux-x86_64-fedora-clang, r-release-macos-arm64, r-release-macos-x86_64, r-oldrel-macos-x86_64