CRAN Package Check Results for Package kalmanfilter

Last updated on 2023-02-08 23:57:14 CET.

Flavor Version Tinstall Tcheck Ttotal Status Flags
r-devel-linux-x86_64-debian-clang 2.0.0 40.05 33.68 73.73 NOTE
r-devel-linux-x86_64-debian-gcc 2.0.0 31.28 26.16 57.44 NOTE
r-devel-linux-x86_64-fedora-clang 2.0.0 102.95 NOTE
r-devel-linux-x86_64-fedora-gcc 2.0.0 112.75 NOTE
r-devel-windows-x86_64 2.0.0 40.00 94.00 134.00 NOTE
r-patched-linux-x86_64 2.0.0 37.20 33.53 70.73 OK
r-release-linux-x86_64 2.0.0 35.86 33.82 69.68 OK
r-release-macos-arm64 2.0.0 37.00 OK
r-release-macos-x86_64 2.0.0 41.00 OK
r-release-windows-x86_64 2.0.0 40.00 92.00 132.00 OK
r-oldrel-macos-arm64 2.0.0 38.00 OK
r-oldrel-macos-x86_64 2.0.0 48.00 OK
r-oldrel-windows-ix86+x86_64 2.0.0 94.00 87.00 181.00 OK

Check Details

Version: 2.0.0
Check: C++ specification
Result: NOTE
     Specified C++11: please update to current default of C++17
Flavors: r-devel-linux-x86_64-debian-clang, r-devel-windows-x86_64

Version: 2.0.0
Check: C++ specification
Result: NOTE
     Specified C++11: please drop specification unless essential
Flavors: r-devel-linux-x86_64-debian-gcc, r-devel-linux-x86_64-fedora-clang, r-devel-linux-x86_64-fedora-gcc