CRAN Package Check Results for Package kader

Last updated on 2024-07-20 08:49:44 CEST.

Flavor Version Tinstall Tcheck Ttotal Status Flags
r-devel-linux-x86_64-debian-clang 0.0.8 2.99 40.57 43.56 NOTE
r-devel-linux-x86_64-debian-gcc 0.0.8 2.37 30.19 32.56 NOTE
r-devel-linux-x86_64-fedora-clang 0.0.8 54.26 NOTE
r-devel-linux-x86_64-fedora-gcc 0.0.8 51.20 NOTE
r-devel-windows-x86_64 0.0.8 4.00 70.00 74.00 NOTE
r-patched-linux-x86_64 0.0.8 2.95 38.70 41.65 NOTE
r-release-linux-x86_64 0.0.8 2.83 38.50 41.33 NOTE
r-release-macos-arm64 0.0.8 20.00 NOTE
r-release-macos-x86_64 0.0.8 42.00 NOTE
r-release-windows-x86_64 0.0.8 3.00 70.00 73.00 NOTE
r-oldrel-macos-arm64 0.0.8 22.00 NOTE
r-oldrel-macos-x86_64 0.0.8 33.00 NOTE
r-oldrel-windows-x86_64 0.0.8 4.00 70.00 74.00 NOTE

Check Details

Version: 0.0.8
Check: LazyData
Result: NOTE 'LazyData' is specified without a 'data' directory Flavors: r-devel-linux-x86_64-debian-clang, r-devel-linux-x86_64-debian-gcc, r-devel-linux-x86_64-fedora-clang, r-devel-linux-x86_64-fedora-gcc, r-devel-windows-x86_64, r-patched-linux-x86_64, r-release-linux-x86_64, r-release-macos-arm64, r-release-macos-x86_64, r-release-windows-x86_64, r-oldrel-macos-arm64, r-oldrel-macos-x86_64, r-oldrel-windows-x86_64