CRAN Package Check Results for Package json64

Last updated on 2021-09-18 19:49:35 CEST.

Flavor Version Tinstall Tcheck Ttotal Status Flags
r-devel-linux-x86_64-debian-clang 0.1.3 1.73 21.08 22.81 NOTE
r-devel-linux-x86_64-debian-gcc 0.1.3 1.31 16.83 18.14 NOTE
r-devel-linux-x86_64-fedora-clang 0.1.3 36.91 NOTE
r-devel-linux-x86_64-fedora-gcc 0.1.3 26.16 NOTE
r-devel-windows-x86_64 0.1.3 4.00 35.00 39.00 NOTE
r-devel-windows-x86_64-gcc10-UCRT 0.1.3 NOTE
r-patched-linux-x86_64 0.1.3 1.77 20.86 22.63 NOTE
r-patched-solaris-x86 0.1.3 41.50 NOTE
r-release-linux-x86_64 0.1.3 1.66 20.77 22.43 NOTE
r-release-macos-arm64 0.1.3 NOTE
r-release-macos-x86_64 0.1.3 NOTE
r-release-windows-ix86+x86_64 0.1.3 4.00 27.00 31.00 NOTE
r-oldrel-macos-x86_64 0.1.3 OK
r-oldrel-windows-ix86+x86_64 0.1.3 6.00 31.00 37.00 OK

Check Details

Version: 0.1.3
Check: LazyData
Result: NOTE
     'LazyData' is specified without a 'data' directory
Flavors: r-devel-linux-x86_64-debian-clang, r-devel-linux-x86_64-debian-gcc, r-devel-linux-x86_64-fedora-clang, r-devel-linux-x86_64-fedora-gcc, r-devel-windows-x86_64, r-devel-windows-x86_64-gcc10-UCRT, r-patched-linux-x86_64, r-patched-solaris-x86, r-release-linux-x86_64, r-release-macos-arm64, r-release-macos-x86_64, r-release-windows-ix86+x86_64