CRAN Package Check Results for Package json64

Last updated on 2021-06-12 23:49:10 CEST.

Flavor Version Tinstall Tcheck Ttotal Status Flags
r-devel-linux-x86_64-debian-clang 0.1.3 1.62 21.30 22.92 NOTE
r-devel-linux-x86_64-debian-gcc 0.1.3 1.39 17.08 18.47 NOTE
r-devel-linux-x86_64-fedora-clang 0.1.3 36.60 NOTE
r-devel-linux-x86_64-fedora-gcc 0.1.3 26.40 NOTE
r-devel-windows-x86_64 0.1.3 3.00 39.00 42.00 NOTE
r-devel-windows-x86_64-gcc10-UCRT 0.1.3 NOTE
r-patched-linux-x86_64 0.1.3 1.59 20.54 22.13 NOTE
r-patched-solaris-x86 0.1.3 41.60 NOTE
r-release-linux-x86_64 0.1.3 1.67 20.62 22.29 NOTE
r-release-macos-arm64 0.1.3 NOTE
r-release-macos-x86_64 0.1.3 NOTE
r-release-windows-ix86+x86_64 0.1.3 4.00 37.00 41.00 NOTE
r-oldrel-macos-x86_64 0.1.3 OK
r-oldrel-windows-ix86+x86_64 0.1.3 4.00 38.00 42.00 OK

Check Details

Version: 0.1.3
Check: LazyData
Result: NOTE
     'LazyData' is specified without a 'data' directory
Flavors: r-devel-linux-x86_64-debian-clang, r-devel-linux-x86_64-debian-gcc, r-devel-linux-x86_64-fedora-clang, r-devel-linux-x86_64-fedora-gcc, r-devel-windows-x86_64, r-devel-windows-x86_64-gcc10-UCRT, r-patched-linux-x86_64, r-patched-solaris-x86, r-release-linux-x86_64, r-release-macos-arm64, r-release-macos-x86_64, r-release-windows-ix86+x86_64