Last updated on 2023-03-28 03:54:05 CEST.
Flavor | Version | Tinstall | Tcheck | Ttotal | Status | Flags |
---|---|---|---|---|---|---|
r-devel-linux-x86_64-debian-clang | 1.2 | 2.63 | 38.94 | 41.57 | OK | |
r-devel-linux-x86_64-debian-gcc | 1.2 | 2.91 | 30.57 | 33.48 | OK | |
r-devel-linux-x86_64-fedora-gcc | 1.2 | 63.36 | OK | |||
r-patched-linux-x86_64 | 1.2 | 4.50 | 38.40 | 42.90 | OK | |
r-release-linux-x86_64 | 1.2 | 3.66 | 38.12 | 41.78 | OK | |
r-release-macos-arm64 | 1.2 | 22.00 | OK | |||
r-release-macos-x86_64 | 1.2 | 30.00 | OK | |||
r-release-windows-x86_64 | 1.2 | 13.00 | 71.00 | 84.00 | OK | |
r-oldrel-macos-arm64 | 1.2 | 23.00 | OK | |||
r-oldrel-macos-x86_64 | 1.2 | 38.00 | OK | |||
r-oldrel-windows-ix86+x86_64 | 1.2 | 12.00 | 79.00 | 91.00 | NOTE |
Version: 1.2
Check: R code for possible problems
Result: NOTE
Initiating curl with CURL_SSL_BACKEND: openssl
Flavor: r-oldrel-windows-ix86+x86_64