Last updated on 2021-02-25 11:47:28 CET.
Flavor | Version | Tinstall | Tcheck | Ttotal | Status | Flags |
---|---|---|---|---|---|---|
r-devel-linux-x86_64-debian-clang | 0.2.2 | 30.97 | 63.68 | 94.65 | OK | |
r-devel-linux-x86_64-debian-gcc | 0.2.2 | 25.86 | 48.80 | 74.66 | OK | |
r-devel-linux-x86_64-fedora-clang | 0.2.2 | 125.97 | NOTE | |||
r-devel-linux-x86_64-fedora-gcc | 0.2.2 | 114.31 | NOTE | |||
r-devel-windows-ix86+x86_64 | 0.2.2 | 44.00 | 66.00 | 110.00 | OK | |
r-patched-linux-x86_64 | 0.2.2 | 29.89 | 58.29 | 88.18 | OK | |
r-patched-solaris-x86 | 0.2.2 | 212.10 | NOTE | |||
r-release-linux-x86_64 | 0.2.2 | 29.76 | 58.03 | 87.79 | OK | |
r-release-macos-x86_64 | 0.2.2 | NOTE | ||||
r-release-windows-ix86+x86_64 | 0.2.2 | 51.00 | 91.00 | 142.00 | OK | |
r-oldrel-macos-x86_64 | 0.2.2 | ERROR |
Version: 0.2.2
Check: dependencies in R code
Result: NOTE
Namespaces in Imports field not imported from:
‘stringi’ ‘usethis’
All declared Imports should be used.
Flavors: r-devel-linux-x86_64-fedora-clang, r-devel-linux-x86_64-fedora-gcc, r-patched-solaris-x86, r-release-macos-x86_64
Version: 0.2.2
Check: whether package can be installed
Result: ERROR
Installation failed.
Flavor: r-oldrel-macos-x86_64