CRAN Package Check Results for Package josaplay

Last updated on 2021-06-20 03:48:28 CEST.

Flavor Version Tinstall Tcheck Ttotal Status Flags
r-devel-linux-x86_64-debian-clang 0.1.3 1.93 21.25 23.18 NOTE
r-devel-linux-x86_64-debian-gcc 0.1.3 1.50 17.08 18.58 NOTE
r-devel-linux-x86_64-fedora-clang 0.1.3 37.72 NOTE
r-devel-linux-x86_64-fedora-gcc 0.1.3 26.84 NOTE
r-devel-windows-x86_64 0.1.3 4.00 31.00 35.00 NOTE
r-devel-windows-x86_64-gcc10-UCRT 0.1.3 NOTE
r-patched-linux-x86_64 0.1.3 1.86 21.04 22.90 NOTE
r-patched-solaris-x86 0.1.3 44.10 NOTE
r-release-linux-x86_64 0.1.3 1.77 20.89 22.66 NOTE
r-release-macos-arm64 0.1.3 NOTE
r-release-macos-x86_64 0.1.3 NOTE
r-release-windows-ix86+x86_64 0.1.3 5.00 36.00 41.00 NOTE
r-oldrel-macos-x86_64 0.1.3 OK
r-oldrel-windows-ix86+x86_64 0.1.3 4.00 36.00 40.00 OK

Check Details

Version: 0.1.3
Check: LazyData
Result: NOTE
     'LazyData' is specified without a 'data' directory
Flavors: r-devel-linux-x86_64-debian-clang, r-devel-linux-x86_64-debian-gcc, r-devel-linux-x86_64-fedora-clang, r-devel-linux-x86_64-fedora-gcc, r-devel-windows-x86_64, r-devel-windows-x86_64-gcc10-UCRT, r-patched-linux-x86_64, r-patched-solaris-x86, r-release-linux-x86_64, r-release-macos-arm64, r-release-macos-x86_64, r-release-windows-ix86+x86_64