Last updated on 2021-04-20 23:47:46 CEST.
Flavor | Version | Tinstall | Tcheck | Ttotal | Status | Flags |
---|---|---|---|---|---|---|
r-devel-linux-x86_64-debian-clang | 2.2 | 3.58 | 46.88 | 50.46 | OK | |
r-devel-linux-x86_64-debian-gcc | 2.2 | 3.10 | 35.05 | 38.15 | OK | |
r-devel-linux-x86_64-fedora-clang | 2.2 | 73.38 | OK | |||
r-devel-linux-x86_64-fedora-gcc | 2.2 | 59.69 | OK | |||
r-devel-windows-ix86+x86_64 | 2.2 | 7.00 | 52.00 | 59.00 | OK | |
r-devel-windows-x86_64-gcc10-UCRT | 2.2 | OK | ||||
r-patched-linux-x86_64 | 2.2 | 4.13 | 44.01 | 48.14 | WARN | |
r-patched-solaris-x86 | 2.2 | 97.30 | OK | |||
r-release-linux-x86_64 | 2.2 | 3.21 | 43.69 | 46.90 | OK | |
r-release-macos-x86_64 | 2.2 | OK | ||||
r-release-windows-ix86+x86_64 | 2.2 | 9.00 | 67.00 | 76.00 | OK | |
r-oldrel-macos-x86_64 | 2.2 | OK | ||||
r-oldrel-windows-ix86+x86_64 | 2.2 | 6.00 | 62.00 | 68.00 | OK |
Version: 2.2
Check: whether package can be installed
Result: WARN
Found the following significant warnings:
Rd warning: /tmp/RtmpbYLe1L/R.INSTALL657d2283f428/jmuOutlier/man/coin.toss.Rd:13: file link ‘plot’ in package ‘graphics’ does not exist and so has been treated as a topic
Rd warning: /tmp/RtmpbYLe1L/R.INSTALL657d2283f428/jmuOutlier/man/fourier.Rd:15: file link ‘plot’ in package ‘graphics’ does not exist and so has been treated as a topic
Rd warning: /tmp/RtmpbYLe1L/R.INSTALL657d2283f428/jmuOutlier/man/jmuOutlier-package.Rd:79: file link ‘fastGraph’ in package ‘fastGraph’ does not exist and so has been treated as a topic
Rd warning: /tmp/RtmpbYLe1L/R.INSTALL657d2283f428/jmuOutlier/man/lineGraph.Rd:17: file link ‘plot’ in package ‘graphics’ does not exist and so has been treated as a topic
Rd warning: /tmp/RtmpbYLe1L/R.INSTALL657d2283f428/jmuOutlier/man/plotEcdf.Rd:24: file link ‘plot.ecdf’ in package ‘stats’ does not exist and so has been treated as a topic
Rd warning: /tmp/RtmpbYLe1L/R.INSTALL657d2283f428/jmuOutlier/man/plotVector.Rd:30: file link ‘plot’ in package ‘graphics’ does not exist and so has been treated as a topic
Rd warning: /tmp/RtmpbYLe1L/R.INSTALL657d2283f428/jmuOutlier/man/plotVector.Rd:39: file link ‘plot’ in package ‘graphics’ does not exist and so has been treated as a topic
Rd warning: /tmp/RtmpbYLe1L/R.INSTALL657d2283f428/jmuOutlier/man/power.binom.test.Rd:20: file link ‘pnorm’ in package ‘stats’ does not exist and so has been treated as a topic
Rd warning: /tmp/RtmpbYLe1L/R.INSTALL657d2283f428/jmuOutlier/man/power.binom.test.Rd:20: file link ‘pexp’ in package ‘stats’ does not exist and so has been treated as a topic
Rd warning: /tmp/RtmpbYLe1L/R.INSTALL657d2283f428/jmuOutlier/man/power.binom.test.Rd:20: file link ‘pcauchy’ in package ‘stats’ does not exist and so has been treated as a topic
Rd warning: /tmp/RtmpbYLe1L/R.INSTALL657d2283f428/jmuOutlier/man/power.binom.test.Rd:21: file link ‘pt’ in package ‘stats’ does not exist and so has been treated as a topic
Rd warning: /tmp/RtmpbYLe1L/R.INSTALL657d2283f428/jmuOutlier/man/power.binom.test.Rd:21: file link ‘pchisq’ in package ‘stats’ does not exist and so has been treated as a topic
Rd warning: /tmp/RtmpbYLe1L/R.INSTALL657d2283f428/jmuOutlier/man/power.binom.test.Rd:21: file link ‘pf’ in package ‘stats’ does not exist and so has been treated as a topic
Rd warning: /tmp/RtmpbYLe1L/R.INSTALL657d2283f428/jmuOutlier/man/power.binom.test.Rd:21: file link ‘punif’ in package ‘stats’ does not exist and so has been treated as a topic
Rd warning: /tmp/RtmpbYLe1L/R.INSTALL657d2283f428/jmuOutlier/man/power.binom.test.Rd:21: file link ‘pbinom’ in package ‘stats’ does not exist and so has been treated as a topic
Rd warning: /tmp/RtmpbYLe1L/R.INSTALL657d2283f428/jmuOutlier/man/power.binom.test.Rd:22: file link ‘pgeom’ in package ‘stats’ does not exist and so has been treated as a topic
Rd warning: /tmp/RtmpbYLe1L/R.INSTALL657d2283f428/jmuOutlier/man/power.binom.test.Rd:22: file link ‘ppois’ in package ‘stats’ does not exist and so has been treated as a topic
Flavor: r-patched-linux-x86_64