CRAN Package Check Results for Package jarbes

Last updated on 2024-06-13 12:49:44 CEST.

Flavor Version Tinstall Tcheck Ttotal Status Flags
r-devel-linux-x86_64-debian-clang 2.2.1 7.21 170.72 177.93 OK
r-devel-linux-x86_64-debian-gcc 2.2.1 0.36 1.72 2.08 ERROR
r-devel-linux-x86_64-fedora-clang 2.2.1 230.01 OK
r-devel-linux-x86_64-fedora-gcc 2.2.1 232.21 OK
r-devel-windows-x86_64 2.2.1 10.00 169.00 179.00 OK
r-patched-linux-x86_64 2.2.1 10.73 172.73 183.46 OK
r-release-linux-x86_64 2.2.1 8.48 170.95 179.43 OK
r-release-macos-arm64 2.2.1 65.00 OK
r-release-macos-x86_64 2.2.1 113.00 OK
r-release-windows-x86_64 2.0.0 9.00 83.00 92.00 OK
r-oldrel-macos-arm64 2.2.1 109.00 OK
r-oldrel-macos-x86_64 2.2.1 207.00 OK
r-oldrel-windows-x86_64 2.2.1 14.00 184.00 198.00 OK

Check Details

Version: 2.2.1
Check: package dependencies
Result: ERROR Packages required but not available: 'R2jags', 'ggplot2', 'ggExtra', 'tidyr', 'kableExtra', 'GGally' See section ‘The DESCRIPTION file’ in the ‘Writing R Extensions’ manual. Flavor: r-devel-linux-x86_64-debian-gcc